{"id":2153,"date":"2025-10-16T14:03:31","date_gmt":"2025-10-16T12:03:31","guid":{"rendered":"https:\/\/freiheitskalender.ch\/?post_type=tribe_events&#038;p=2153"},"modified":"2025-10-16T14:03:31","modified_gmt":"2025-10-16T12:03:31","slug":"last-call-mit-dr-med-marco-caimi-2","status":"publish","type":"tribe_events","link":"https:\/\/freiheitskalender.ch\/it\/event\/last-call-mit-dr-med-marco-caimi-2\/","title":{"rendered":"Last Call mit Dr. med. Marco Caimi"},"content":{"rendered":"<p><strong>Liebe Freunde<\/strong><\/p>\n<p>Die Zeit rast, schon sind wir wieder im 4.Quartal des aktuellen Jahres. Und auch meine regul\u00e4re Kabarett-Tour, resp. mein zehnj\u00e4hriges B\u00fchnenjubil\u00e4um neigt sich dem Ende entgegen: Noch drei Auftritte in Z\u00fcrich, Basel und Wagenhausen b. Stein a. Rhein.<\/p>\n<p>Im Dezember dann wieder wie jedes Jahr die Retrospektive \u2013 der bissige kabarettistische Jahresr\u00fcckblick. Zum achten Mal. War wegen P(l)andemie zwei Jahre unterbrochen.<\/p>\n<p>Aber auch heute haben wir einen Artikel zum aktuellen Zeitgeschehen: Ob und wann eine neue Pandemie kommen wird, ist unklar.<\/p>\n<p>Klar ist, dass sie kommen wird. Klar ist auch, dass man dann kritische Stimmen verstummen lassen oder vernichten wird. Die haben ja bei C19 nur gest\u00f6rt&#8230;.<\/p>\n<p>Herzliche\u00a0\ud83c\udf41Herbstgr\u00fcsse\ud83c\udf41<br \/>\nMarco Caimi<\/p>","protected":false},"excerpt":{"rendered":"<p>Liebe Freunde Die Zeit rast, schon sind wir wieder im 4.Quartal des aktuellen Jahres. Und auch meine regul\u00e4re Kabarett-Tour, resp. mein zehnj\u00e4hriges B\u00fchnenjubil\u00e4um neigt sich dem Ende entgegen: Noch drei [&hellip;]<\/p>\n","protected":false},"author":7,"featured_media":2156,"template":"","meta":{"_price":"","_stock":"","_tribe_ticket_header":"","_tribe_default_ticket_provider":"","_tribe_ticket_capacity":"0","_ticket_start_date":"","_ticket_end_date":"","_tribe_ticket_show_description":"","_tribe_ticket_show_not_going":false,"_tribe_ticket_use_global_stock":"","_tribe_ticket_global_stock_level":"","_global_stock_mode":"","_global_stock_cap":"","_tribe_rsvp_for_event":"","_tribe_ticket_going_count":"","_tribe_ticket_not_going_count":"","_tribe_tickets_list":"[]","_tribe_ticket_has_attendee_info_fields":false,"_tribe_events_status":"","_tribe_events_status_reason":"","_tribe_events_is_hybrid":"","_tribe_events_is_virtual":"","_tribe_events_virtual_video_source":"","_tribe_events_virtual_embed_video":"","_tribe_events_virtual_linked_button_text":"","_tribe_events_virtual_linked_button":"","_tribe_events_virtual_show_embed_at":"","_tribe_events_virtual_show_embed_to":[],"_tribe_events_virtual_show_on_event":"","_tribe_events_virtual_show_on_views":"","_tribe_events_virtual_url":"","footnotes":"","_tec_slr_enabled":"","_tec_slr_layout":""},"tags":[74,75],"tribe_events_cat":[103,101,106],"class_list":["post-2153","tribe_events","type-tribe_events","status-publish","has-post-thumbnail","hentry","tag-dr-med-marco-caimi","tag-kabarett","tribe_events_cat-kabarett","tribe_events_cat-unterhaltung","tribe_events_cat-veranstaltung","cat_kabarett","cat_unterhaltung","cat_veranstaltung"],"blocksy_meta":[],"yoast_head":"<!-- This site is optimized with the Yoast SEO plugin v27.4 - https:\/\/yoast.com\/product\/yoast-seo-wordpress\/ -->\n<title>Last Call mit Dr. med. Marco Caimi - Freiheitskalender<\/title>\n<meta name=\"robots\" content=\"index, follow, max-snippet:-1, max-image-preview:large, max-video-preview:-1\" \/>\n<link rel=\"canonical\" href=\"https:\/\/freiheitskalender.ch\/it\/event\/last-call-mit-dr-med-marco-caimi-2\/\" \/>\n<meta property=\"og:locale\" content=\"it_IT\" \/>\n<meta property=\"og:type\" content=\"article\" \/>\n<meta property=\"og:title\" content=\"Last Call mit Dr. med. Marco Caimi - Freiheitskalender\" \/>\n<meta property=\"og:description\" content=\"Liebe Freunde Die Zeit rast, schon sind wir wieder im 4.Quartal des aktuellen Jahres. Und auch meine regul\u00e4re Kabarett-Tour, resp. mein zehnj\u00e4hriges B\u00fchnenjubil\u00e4um neigt sich dem Ende entgegen: Noch drei [&hellip;]\" \/>\n<meta property=\"og:url\" content=\"https:\/\/freiheitskalender.ch\/it\/event\/last-call-mit-dr-med-marco-caimi-2\/\" \/>\n<meta property=\"og:site_name\" content=\"Freiheitskalender\" \/>\n<meta property=\"og:image\" content=\"https:\/\/freiheitskalender.ch\/wp-content\/uploads\/2025\/10\/megaschwiizer-1.jpg\" \/>\n\t<meta property=\"og:image:width\" content=\"1015\" \/>\n\t<meta property=\"og:image:height\" content=\"1024\" \/>\n\t<meta property=\"og:image:type\" content=\"image\/jpeg\" \/>\n<meta name=\"twitter:card\" content=\"summary_large_image\" \/>\n<meta name=\"twitter:label1\" content=\"Tempo di lettura stimato\" \/>\n\t<meta name=\"twitter:data1\" content=\"1 minuto\" \/>\n<script type=\"application\/ld+json\" class=\"yoast-schema-graph\">{\"@context\":\"https:\\\/\\\/schema.org\",\"@graph\":[{\"@type\":\"WebPage\",\"@id\":\"https:\\\/\\\/freiheitskalender.ch\\\/it\\\/event\\\/last-call-mit-dr-med-marco-caimi-2\\\/\",\"url\":\"https:\\\/\\\/freiheitskalender.ch\\\/it\\\/event\\\/last-call-mit-dr-med-marco-caimi-2\\\/\",\"name\":\"Last Call mit Dr. med. Marco Caimi - Freiheitskalender\",\"isPartOf\":{\"@id\":\"https:\\\/\\\/freiheitskalender.ch\\\/#website\"},\"primaryImageOfPage\":{\"@id\":\"https:\\\/\\\/freiheitskalender.ch\\\/it\\\/event\\\/last-call-mit-dr-med-marco-caimi-2\\\/#primaryimage\"},\"image\":{\"@id\":\"https:\\\/\\\/freiheitskalender.ch\\\/it\\\/event\\\/last-call-mit-dr-med-marco-caimi-2\\\/#primaryimage\"},\"thumbnailUrl\":\"https:\\\/\\\/freiheitskalender.ch\\\/wp-content\\\/uploads\\\/2025\\\/10\\\/megaschwiizer-1.jpg\",\"datePublished\":\"2025-10-16T12:03:31+00:00\",\"breadcrumb\":{\"@id\":\"https:\\\/\\\/freiheitskalender.ch\\\/it\\\/event\\\/last-call-mit-dr-med-marco-caimi-2\\\/#breadcrumb\"},\"inLanguage\":\"it-IT\",\"potentialAction\":[{\"@type\":\"ReadAction\",\"target\":[\"https:\\\/\\\/freiheitskalender.ch\\\/it\\\/event\\\/last-call-mit-dr-med-marco-caimi-2\\\/\"]}]},{\"@type\":\"ImageObject\",\"inLanguage\":\"it-IT\",\"@id\":\"https:\\\/\\\/freiheitskalender.ch\\\/it\\\/event\\\/last-call-mit-dr-med-marco-caimi-2\\\/#primaryimage\",\"url\":\"https:\\\/\\\/freiheitskalender.ch\\\/wp-content\\\/uploads\\\/2025\\\/10\\\/megaschwiizer-1.jpg\",\"contentUrl\":\"https:\\\/\\\/freiheitskalender.ch\\\/wp-content\\\/uploads\\\/2025\\\/10\\\/megaschwiizer-1.jpg\",\"width\":1015,\"height\":1024},{\"@type\":\"BreadcrumbList\",\"@id\":\"https:\\\/\\\/freiheitskalender.ch\\\/it\\\/event\\\/last-call-mit-dr-med-marco-caimi-2\\\/#breadcrumb\",\"itemListElement\":[{\"@type\":\"ListItem\",\"position\":1,\"name\":\"Startseite\",\"item\":\"https:\\\/\\\/freiheitskalender.ch\\\/fr\\\/\"},{\"@type\":\"ListItem\",\"position\":2,\"name\":\"Last Call mit Dr. med. Marco Caimi\"}]},{\"@type\":\"WebSite\",\"@id\":\"https:\\\/\\\/freiheitskalender.ch\\\/#website\",\"url\":\"https:\\\/\\\/freiheitskalender.ch\\\/\",\"name\":\"Freiheitskalender\",\"description\":\"Termine aus der Community\",\"publisher\":{\"@id\":\"https:\\\/\\\/freiheitskalender.ch\\\/#organization\"},\"potentialAction\":[{\"@type\":\"SearchAction\",\"target\":{\"@type\":\"EntryPoint\",\"urlTemplate\":\"https:\\\/\\\/freiheitskalender.ch\\\/?s={search_term_string}\"},\"query-input\":{\"@type\":\"PropertyValueSpecification\",\"valueRequired\":true,\"valueName\":\"search_term_string\"}}],\"inLanguage\":\"it-IT\"},{\"@type\":\"Organization\",\"@id\":\"https:\\\/\\\/freiheitskalender.ch\\\/#organization\",\"name\":\"Freiheitskalender\",\"url\":\"https:\\\/\\\/freiheitskalender.ch\\\/\",\"logo\":{\"@type\":\"ImageObject\",\"inLanguage\":\"it-IT\",\"@id\":\"https:\\\/\\\/freiheitskalender.ch\\\/#\\\/schema\\\/logo\\\/image\\\/\",\"url\":\"https:\\\/\\\/freiheitskalender.ch\\\/wp-content\\\/uploads\\\/2025\\\/10\\\/Freiheitskalender-Logo-flach_Logo_NEW_21.10.2025_DE_100PX.png\",\"contentUrl\":\"https:\\\/\\\/freiheitskalender.ch\\\/wp-content\\\/uploads\\\/2025\\\/10\\\/Freiheitskalender-Logo-flach_Logo_NEW_21.10.2025_DE_100PX.png\",\"width\":1000,\"height\":340,\"caption\":\"Freiheitskalender\"},\"image\":{\"@id\":\"https:\\\/\\\/freiheitskalender.ch\\\/#\\\/schema\\\/logo\\\/image\\\/\"}}]}<\/script>\n<!-- \/ Yoast SEO plugin. -->","yoast_head_json":{"title":"Last Call mit Dr. med. Marco Caimi - Freiheitskalender","robots":{"index":"index","follow":"follow","max-snippet":"max-snippet:-1","max-image-preview":"max-image-preview:large","max-video-preview":"max-video-preview:-1"},"canonical":"https:\/\/freiheitskalender.ch\/it\/event\/last-call-mit-dr-med-marco-caimi-2\/","og_locale":"it_IT","og_type":"article","og_title":"Last Call mit Dr. med. Marco Caimi - Freiheitskalender","og_description":"Liebe Freunde Die Zeit rast, schon sind wir wieder im 4.Quartal des aktuellen Jahres. Und auch meine regul\u00e4re Kabarett-Tour, resp. mein zehnj\u00e4hriges B\u00fchnenjubil\u00e4um neigt sich dem Ende entgegen: Noch drei [&hellip;]","og_url":"https:\/\/freiheitskalender.ch\/it\/event\/last-call-mit-dr-med-marco-caimi-2\/","og_site_name":"Freiheitskalender","og_image":[{"width":1015,"height":1024,"url":"https:\/\/freiheitskalender.ch\/wp-content\/uploads\/2025\/10\/megaschwiizer-1.jpg","type":"image\/jpeg"}],"twitter_card":"summary_large_image","twitter_misc":{"Tempo di lettura stimato":"1 minuto"},"schema":{"@context":"https:\/\/schema.org","@graph":[{"@type":"WebPage","@id":"https:\/\/freiheitskalender.ch\/it\/event\/last-call-mit-dr-med-marco-caimi-2\/","url":"https:\/\/freiheitskalender.ch\/it\/event\/last-call-mit-dr-med-marco-caimi-2\/","name":"Last Call mit Dr. med. Marco Caimi - Freiheitskalender","isPartOf":{"@id":"https:\/\/freiheitskalender.ch\/#website"},"primaryImageOfPage":{"@id":"https:\/\/freiheitskalender.ch\/it\/event\/last-call-mit-dr-med-marco-caimi-2\/#primaryimage"},"image":{"@id":"https:\/\/freiheitskalender.ch\/it\/event\/last-call-mit-dr-med-marco-caimi-2\/#primaryimage"},"thumbnailUrl":"https:\/\/freiheitskalender.ch\/wp-content\/uploads\/2025\/10\/megaschwiizer-1.jpg","datePublished":"2025-10-16T12:03:31+00:00","breadcrumb":{"@id":"https:\/\/freiheitskalender.ch\/it\/event\/last-call-mit-dr-med-marco-caimi-2\/#breadcrumb"},"inLanguage":"it-IT","potentialAction":[{"@type":"ReadAction","target":["https:\/\/freiheitskalender.ch\/it\/event\/last-call-mit-dr-med-marco-caimi-2\/"]}]},{"@type":"ImageObject","inLanguage":"it-IT","@id":"https:\/\/freiheitskalender.ch\/it\/event\/last-call-mit-dr-med-marco-caimi-2\/#primaryimage","url":"https:\/\/freiheitskalender.ch\/wp-content\/uploads\/2025\/10\/megaschwiizer-1.jpg","contentUrl":"https:\/\/freiheitskalender.ch\/wp-content\/uploads\/2025\/10\/megaschwiizer-1.jpg","width":1015,"height":1024},{"@type":"BreadcrumbList","@id":"https:\/\/freiheitskalender.ch\/it\/event\/last-call-mit-dr-med-marco-caimi-2\/#breadcrumb","itemListElement":[{"@type":"ListItem","position":1,"name":"Startseite","item":"https:\/\/freiheitskalender.ch\/fr\/"},{"@type":"ListItem","position":2,"name":"Last Call mit Dr. med. Marco Caimi"}]},{"@type":"WebSite","@id":"https:\/\/freiheitskalender.ch\/#website","url":"https:\/\/freiheitskalender.ch\/","name":"Calendario della Libert\u00e0","description":"Termine aus der Community","publisher":{"@id":"https:\/\/freiheitskalender.ch\/#organization"},"potentialAction":[{"@type":"SearchAction","target":{"@type":"EntryPoint","urlTemplate":"https:\/\/freiheitskalender.ch\/?s={search_term_string}"},"query-input":{"@type":"PropertyValueSpecification","valueRequired":true,"valueName":"search_term_string"}}],"inLanguage":"it-IT"},{"@type":"Organization","@id":"https:\/\/freiheitskalender.ch\/#organization","name":"Calendario della Libert\u00e0","url":"https:\/\/freiheitskalender.ch\/","logo":{"@type":"ImageObject","inLanguage":"it-IT","@id":"https:\/\/freiheitskalender.ch\/#\/schema\/logo\/image\/","url":"https:\/\/freiheitskalender.ch\/wp-content\/uploads\/2025\/10\/Freiheitskalender-Logo-flach_Logo_NEW_21.10.2025_DE_100PX.png","contentUrl":"https:\/\/freiheitskalender.ch\/wp-content\/uploads\/2025\/10\/Freiheitskalender-Logo-flach_Logo_NEW_21.10.2025_DE_100PX.png","width":1000,"height":340,"caption":"Freiheitskalender"},"image":{"@id":"https:\/\/freiheitskalender.ch\/#\/schema\/logo\/image\/"}}]}},"ticketed":false,"_links":{"self":[{"href":"https:\/\/freiheitskalender.ch\/it\/wp-json\/wp\/v2\/tribe_events\/2153","targetHints":{"allow":["GET"]}}],"collection":[{"href":"https:\/\/freiheitskalender.ch\/it\/wp-json\/wp\/v2\/tribe_events"}],"about":[{"href":"https:\/\/freiheitskalender.ch\/it\/wp-json\/wp\/v2\/types\/tribe_events"}],"author":[{"embeddable":true,"href":"https:\/\/freiheitskalender.ch\/it\/wp-json\/wp\/v2\/users\/7"}],"version-history":[{"count":1,"href":"https:\/\/freiheitskalender.ch\/it\/wp-json\/wp\/v2\/tribe_events\/2153\/revisions"}],"predecessor-version":[{"id":2155,"href":"https:\/\/freiheitskalender.ch\/it\/wp-json\/wp\/v2\/tribe_events\/2153\/revisions\/2155"}],"wp:featuredmedia":[{"embeddable":true,"href":"https:\/\/freiheitskalender.ch\/it\/wp-json\/wp\/v2\/media\/2156"}],"wp:attachment":[{"href":"https:\/\/freiheitskalender.ch\/it\/wp-json\/wp\/v2\/media?parent=2153"}],"wp:term":[{"taxonomy":"post_tag","embeddable":true,"href":"https:\/\/freiheitskalender.ch\/it\/wp-json\/wp\/v2\/tags?post=2153"},{"taxonomy":"tribe_events_cat","embeddable":true,"href":"https:\/\/freiheitskalender.ch\/it\/wp-json\/wp\/v2\/tribe_events_cat?post=2153"}],"curies":[{"name":"wp","href":"https:\/\/api.w.org\/{rel}","templated":true}]}}

<p><strong>Liebe Freunde</strong></p>
<p>Die Zeit rast, schon sind wir wieder im 4.Quartal des aktuellen Jahres. Und auch meine reguläre Kabarett-Tour, resp. mein zehnjähriges Bühnenjubiläum neigt sich dem Ende entgegen: Noch drei Auftritte in Zürich, Basel und Wagenhausen b. Stein a. Rhein.</p>
<p>Im Dezember dann wieder wie jedes Jahr die Retrospektive – der bissige kabarettistische Jahresrückblick. Zum achten Mal. War wegen P(l)andemie zwei Jahre unterbrochen.</p>
<p>Aber auch heute haben wir einen Artikel zum aktuellen Zeitgeschehen: Ob und wann eine neue Pandemie kommen wird, ist unklar.</p>
<p>Klar ist, dass sie kommen wird. Klar ist auch, dass man dann kritische Stimmen verstummen lassen oder vernichten wird. Die haben ja bei C19 nur gestört&#8230;.</p>
<p>Herzliche 🍁Herbstgrüsse🍁<br />
Marco Caimi</p>

<p>Liebe Freunde Die Zeit rast, schon sind wir wieder im 4.Quartal des aktuellen Jahres. Und auch meine reguläre Kabarett-Tour, resp. mein zehnjähriges Bühnenjubiläum neigt sich dem Ende entgegen: Noch drei [&hellip;]</p>

<!-- This site is optimized with the Yoast SEO plugin v27.4 - https://yoast.com/product/yoast-seo-wordpress/ -->
<title>Last Call mit Dr. med. Marco Caimi - Freiheitskalender</title>
<meta name="robots" content="index, follow, max-snippet:-1, max-image-preview:large, max-video-preview:-1" />
<link rel="canonical" href="https://freiheitskalender.ch/it/event/last-call-mit-dr-med-marco-caimi-2/" />
<meta property="og:locale" content="it_IT" />
<meta property="og:type" content="article" />
<meta property="og:title" content="Last Call mit Dr. med. Marco Caimi - Freiheitskalender" />
<meta property="og:description" content="Liebe Freunde Die Zeit rast, schon sind wir wieder im 4.Quartal des aktuellen Jahres. Und auch meine reguläre Kabarett-Tour, resp. mein zehnjähriges Bühnenjubiläum neigt sich dem Ende entgegen: Noch drei [&hellip;]" />
<meta property="og:url" content="https://freiheitskalender.ch/it/event/last-call-mit-dr-med-marco-caimi-2/" />
<meta property="og:site_name" content="Freiheitskalender" />
<meta property="og:image" content="https://freiheitskalender.ch/wp-content/uploads/2025/10/megaschwiizer-1.jpg" />
	<meta property="og:image:width" content="1015" />
	<meta property="og:image:height" content="1024" />
	<meta property="og:image:type" content="image/jpeg" />
<meta name="twitter:card" content="summary_large_image" />
<meta name="twitter:label1" content="Tempo di lettura stimato" />
	<meta name="twitter:data1" content="1 minuto" />
<script type="application/ld+json" class="yoast-schema-graph">{"@context":"https:\/\/schema.org","@graph":[{"@type":"WebPage","@id":"https:\/\/freiheitskalender.ch\/it\/event\/last-call-mit-dr-med-marco-caimi-2\/","url":"https:\/\/freiheitskalender.ch\/it\/event\/last-call-mit-dr-med-marco-caimi-2\/","name":"Last Call mit Dr. med. Marco Caimi - Freiheitskalender","isPartOf":{"@id":"https:\/\/freiheitskalender.ch\/#website"},"primaryImageOfPage":{"@id":"https:\/\/freiheitskalender.ch\/it\/event\/last-call-mit-dr-med-marco-caimi-2\/#primaryimage"},"image":{"@id":"https:\/\/freiheitskalender.ch\/it\/event\/last-call-mit-dr-med-marco-caimi-2\/#primaryimage"},"thumbnailUrl":"https:\/\/freiheitskalender.ch\/wp-content\/uploads\/2025\/10\/megaschwiizer-1.jpg","datePublished":"2025-10-16T12:03:31+00:00","breadcrumb":{"@id":"https:\/\/freiheitskalender.ch\/it\/event\/last-call-mit-dr-med-marco-caimi-2\/#breadcrumb"},"inLanguage":"it-IT","potentialAction":[{"@type":"ReadAction","target":["https:\/\/freiheitskalender.ch\/it\/event\/last-call-mit-dr-med-marco-caimi-2\/"]}]},{"@type":"ImageObject","inLanguage":"it-IT","@id":"https:\/\/freiheitskalender.ch\/it\/event\/last-call-mit-dr-med-marco-caimi-2\/#primaryimage","url":"https:\/\/freiheitskalender.ch\/wp-content\/uploads\/2025\/10\/megaschwiizer-1.jpg","contentUrl":"https:\/\/freiheitskalender.ch\/wp-content\/uploads\/2025\/10\/megaschwiizer-1.jpg","width":1015,"height":1024},{"@type":"BreadcrumbList","@id":"https:\/\/freiheitskalender.ch\/it\/event\/last-call-mit-dr-med-marco-caimi-2\/#breadcrumb","itemListElement":[{"@type":"ListItem","position":1,"name":"Startseite","item":"https:\/\/freiheitskalender.ch\/fr\/"},{"@type":"ListItem","position":2,"name":"Last Call mit Dr. med. Marco Caimi"}]},{"@type":"WebSite","@id":"https:\/\/freiheitskalender.ch\/#website","url":"https:\/\/freiheitskalender.ch\/","name":"Freiheitskalender","description":"Termine aus der Community","publisher":{"@id":"https:\/\/freiheitskalender.ch\/#organization"},"potentialAction":[{"@type":"SearchAction","target":{"@type":"EntryPoint","urlTemplate":"https:\/\/freiheitskalender.ch\/?s={search_term_string}"},"query-input":{"@type":"PropertyValueSpecification","valueRequired":true,"valueName":"search_term_string"}}],"inLanguage":"it-IT"},{"@type":"Organization","@id":"https:\/\/freiheitskalender.ch\/#organization","name":"Freiheitskalender","url":"https:\/\/freiheitskalender.ch\/","logo":{"@type":"ImageObject","inLanguage":"it-IT","@id":"https:\/\/freiheitskalender.ch\/#\/schema\/logo\/image\/","url":"https:\/\/freiheitskalender.ch\/wp-content\/uploads\/2025\/10\/Freiheitskalender-Logo-flach_Logo_NEW_21.10.2025_DE_100PX.png","contentUrl":"https:\/\/freiheitskalender.ch\/wp-content\/uploads\/2025\/10\/Freiheitskalender-Logo-flach_Logo_NEW_21.10.2025_DE_100PX.png","width":1000,"height":340,"caption":"Freiheitskalender"},"image":{"@id":"https:\/\/freiheitskalender.ch\/#\/schema\/logo\/image\/"}}]}</script>
<!-- / Yoast SEO plugin. -->

Liebe Freunde Die Zeit rast, schon sind wir wieder im 4.Quartal des aktuellen Jahres. Und auch meine reguläre Kabarett-Tour, resp. mein zehnjähriges Bühnenjubiläum neigt sich dem Ende entgegen: Noch drei [&hellip;]

Calendario della Libertà
