{"id":641,"date":"2025-02-22T09:34:29","date_gmt":"2025-02-22T08:34:29","guid":{"rendered":"https:\/\/www.freiheitskalender.ch\/?post_type=tribe_events&#038;p=641"},"modified":"2025-02-22T09:39:23","modified_gmt":"2025-02-22T08:39:23","slug":"spaziergang-in-zuerich","status":"publish","type":"tribe_events","link":"https:\/\/freiheitskalender.ch\/fr\/event\/spaziergang-in-zuerich\/","title":{"rendered":"Spaziergang in Z\u00fcrich"},"content":{"rendered":"<p>Vor vier Jahren begann mein Spaziergang mit \u00fcber 1300 Mitspazierenden<\/p>\n<p>Vor genau vier Jahren verbot man uns den menschlichen Kontakt. Der Staat und die Medien verbreiteten Todespanik vor etwas, das bis heute sehr umstritten war und ist. Ich hatte die Schnauze voll und sagte allen, dass ICH \u2019nen Spaziergang in Z\u00fcrich machen werde, gegen den Lockdown, was dann auch das Motto meines Spazierganges war. Nat\u00fcrlich mit der Motivation von vielen aus dem Hintergrund. Was dann durch die willf\u00e4hrige und h\u00f6rige Staatsmacht mit ihrer Staatsgewalt abging, konnte kaum einer fassen. Sie begannen regelrecht eine Hetzjagd auf friedliche B\u00fcrger zu machen, nur weil sie bei str\u00f6mendem Regen einen Spaziergang machen wollten.<\/p>\n<p>Seit vier Jahren mache ich nun meinen Spaziergang und von so vielen wurde und wird er immer noch bel\u00e4chelt. Doch im Gegensatz zu denen, die uns bel\u00e4cheln, machen wir wenigstens etwas. Nat\u00fcrlich haben sich mittlerweile die Gr\u00fcnde ge\u00e4ndert, doch solange wir einen dermassen nichtsnutzigen Bundesrat und Parlament haben, braucht es Menschen, die auf die Strasse gehen. Ich bin immer noch stolz darauf, dass ich ihn indessen so lange durchgezogen habe, auch mit allen Widrigkeiten aus den eigenen Reihen wie auch von aussen.<\/p>\n<p>Der n\u00e4chste Spaziergang findet am 22.2.2025 statt. Komm doch auch Du, MIT oder ohne Plakat, vorbei und geniesse die Zeit zusammen, bevor es so richtig ernst wird.<\/p>\n<p>\u2014\u2014<\/p>\n<p>F\u00fcr weitere Informationen abonniere gratis die Kan\u00e4le von StandPunkt: <a href=\"https:\/\/www.t.me\/standpunkt\">https:\/\/www.t.me\/standpunkt<\/a><\/p>","protected":false},"excerpt":{"rendered":"<p>Vor vier Jahren begann mein Spaziergang mit \u00fcber 1300 Mitspazierenden Vor genau vier Jahren verbot man uns den menschlichen Kontakt. Der Staat und die Medien verbreiteten Todespanik vor etwas, das [&hellip;]<\/p>\n","protected":false},"author":5,"featured_media":642,"template":"","meta":{"_price":"","_stock":"","_tribe_ticket_header":"","_tribe_default_ticket_provider":"","_tribe_ticket_capacity":"0","_ticket_start_date":"","_ticket_end_date":"","_tribe_ticket_show_description":"","_tribe_ticket_show_not_going":false,"_tribe_ticket_use_global_stock":"","_tribe_ticket_global_stock_level":"","_global_stock_mode":"","_global_stock_cap":"","_tribe_rsvp_for_event":"","_tribe_ticket_going_count":"","_tribe_ticket_not_going_count":"","_tribe_tickets_list":"[]","_tribe_ticket_has_attendee_info_fields":false,"_tribe_events_status":"","_tribe_events_status_reason":"","_tribe_events_is_hybrid":"","_tribe_events_is_virtual":"","_tribe_events_virtual_video_source":"","_tribe_events_virtual_embed_video":"","_tribe_events_virtual_linked_button_text":"","_tribe_events_virtual_linked_button":"","_tribe_events_virtual_show_embed_at":"","_tribe_events_virtual_show_embed_to":[],"_tribe_events_virtual_show_on_event":"","_tribe_events_virtual_show_on_views":"","_tribe_events_virtual_url":"","footnotes":"","_tec_slr_enabled":"","_tec_slr_layout":""},"tags":[57,58],"tribe_events_cat":[8],"class_list":["post-641","tribe_events","type-tribe_events","status-publish","has-post-thumbnail","hentry","tag-spaziergang","tag-zuerich","tribe_events_cat-demo","cat_demo"],"blocksy_meta":[],"yoast_head":"<!-- This site is optimized with the Yoast SEO plugin v27.4 - https:\/\/yoast.com\/product\/yoast-seo-wordpress\/ -->\n<title>Spaziergang in Z\u00fcrich - Freiheitskalender<\/title>\n<meta name=\"robots\" content=\"index, follow, max-snippet:-1, max-image-preview:large, max-video-preview:-1\" \/>\n<link rel=\"canonical\" href=\"https:\/\/freiheitskalender.ch\/fr\/event\/spaziergang-in-zuerich\/\" \/>\n<meta property=\"og:locale\" content=\"fr_FR\" \/>\n<meta property=\"og:type\" content=\"article\" \/>\n<meta property=\"og:title\" content=\"Spaziergang in Z\u00fcrich - Freiheitskalender\" \/>\n<meta property=\"og:description\" content=\"Vor vier Jahren begann mein Spaziergang mit \u00fcber 1300 Mitspazierenden Vor genau vier Jahren verbot man uns den menschlichen Kontakt. Der Staat und die Medien verbreiteten Todespanik vor etwas, das [&hellip;]\" \/>\n<meta property=\"og:url\" content=\"https:\/\/freiheitskalender.ch\/fr\/event\/spaziergang-in-zuerich\/\" \/>\n<meta property=\"og:site_name\" content=\"Freiheitskalender\" \/>\n<meta property=\"article:modified_time\" content=\"2025-02-22T08:39:23+00:00\" \/>\n<meta property=\"og:image\" content=\"https:\/\/freiheitskalender.ch\/wp-content\/uploads\/2025\/02\/GkV-IFZW8AA1599.jpeg\" \/>\n\t<meta property=\"og:image:width\" content=\"1080\" \/>\n\t<meta property=\"og:image:height\" content=\"720\" \/>\n\t<meta property=\"og:image:type\" content=\"image\/jpeg\" \/>\n<meta name=\"twitter:card\" content=\"summary_large_image\" \/>\n<meta name=\"twitter:label1\" content=\"Dur\u00e9e de lecture estim\u00e9e\" \/>\n\t<meta name=\"twitter:data1\" content=\"2 minutes\" \/>\n<script type=\"application\/ld+json\" class=\"yoast-schema-graph\">{\"@context\":\"https:\\\/\\\/schema.org\",\"@graph\":[{\"@type\":\"WebPage\",\"@id\":\"https:\\\/\\\/freiheitskalender.ch\\\/event\\\/spaziergang-in-zuerich\\\/\",\"url\":\"https:\\\/\\\/freiheitskalender.ch\\\/event\\\/spaziergang-in-zuerich\\\/\",\"name\":\"Spaziergang in Z\u00fcrich - Freiheitskalender\",\"isPartOf\":{\"@id\":\"https:\\\/\\\/freiheitskalender.ch\\\/#website\"},\"primaryImageOfPage\":{\"@id\":\"https:\\\/\\\/freiheitskalender.ch\\\/event\\\/spaziergang-in-zuerich\\\/#primaryimage\"},\"image\":{\"@id\":\"https:\\\/\\\/freiheitskalender.ch\\\/event\\\/spaziergang-in-zuerich\\\/#primaryimage\"},\"thumbnailUrl\":\"https:\\\/\\\/freiheitskalender.ch\\\/wp-content\\\/uploads\\\/2025\\\/02\\\/GkV-IFZW8AA1599.jpeg\",\"datePublished\":\"2025-02-22T08:34:29+00:00\",\"dateModified\":\"2025-02-22T08:39:23+00:00\",\"breadcrumb\":{\"@id\":\"https:\\\/\\\/freiheitskalender.ch\\\/event\\\/spaziergang-in-zuerich\\\/#breadcrumb\"},\"inLanguage\":\"fr-FR\",\"potentialAction\":[{\"@type\":\"ReadAction\",\"target\":[\"https:\\\/\\\/freiheitskalender.ch\\\/event\\\/spaziergang-in-zuerich\\\/\"]}]},{\"@type\":\"ImageObject\",\"inLanguage\":\"fr-FR\",\"@id\":\"https:\\\/\\\/freiheitskalender.ch\\\/event\\\/spaziergang-in-zuerich\\\/#primaryimage\",\"url\":\"https:\\\/\\\/freiheitskalender.ch\\\/wp-content\\\/uploads\\\/2025\\\/02\\\/GkV-IFZW8AA1599.jpeg\",\"contentUrl\":\"https:\\\/\\\/freiheitskalender.ch\\\/wp-content\\\/uploads\\\/2025\\\/02\\\/GkV-IFZW8AA1599.jpeg\",\"width\":1080,\"height\":720},{\"@type\":\"BreadcrumbList\",\"@id\":\"https:\\\/\\\/freiheitskalender.ch\\\/event\\\/spaziergang-in-zuerich\\\/#breadcrumb\",\"itemListElement\":[{\"@type\":\"ListItem\",\"position\":1,\"name\":\"Startseite\",\"item\":\"https:\\\/\\\/freiheitskalender.ch\\\/fr\\\/\"},{\"@type\":\"ListItem\",\"position\":2,\"name\":\"Spaziergang in Z\u00fcrich\"}]},{\"@type\":\"WebSite\",\"@id\":\"https:\\\/\\\/freiheitskalender.ch\\\/#website\",\"url\":\"https:\\\/\\\/freiheitskalender.ch\\\/\",\"name\":\"Freiheitskalender\",\"description\":\"Termine aus der Community\",\"publisher\":{\"@id\":\"https:\\\/\\\/freiheitskalender.ch\\\/#organization\"},\"potentialAction\":[{\"@type\":\"SearchAction\",\"target\":{\"@type\":\"EntryPoint\",\"urlTemplate\":\"https:\\\/\\\/freiheitskalender.ch\\\/?s={search_term_string}\"},\"query-input\":{\"@type\":\"PropertyValueSpecification\",\"valueRequired\":true,\"valueName\":\"search_term_string\"}}],\"inLanguage\":\"fr-FR\"},{\"@type\":\"Organization\",\"@id\":\"https:\\\/\\\/freiheitskalender.ch\\\/#organization\",\"name\":\"Freiheitskalender\",\"url\":\"https:\\\/\\\/freiheitskalender.ch\\\/\",\"logo\":{\"@type\":\"ImageObject\",\"inLanguage\":\"fr-FR\",\"@id\":\"https:\\\/\\\/freiheitskalender.ch\\\/#\\\/schema\\\/logo\\\/image\\\/\",\"url\":\"https:\\\/\\\/freiheitskalender.ch\\\/wp-content\\\/uploads\\\/2025\\\/10\\\/Freiheitskalender-Logo-flach_Logo_NEW_21.10.2025_DE_100PX.png\",\"contentUrl\":\"https:\\\/\\\/freiheitskalender.ch\\\/wp-content\\\/uploads\\\/2025\\\/10\\\/Freiheitskalender-Logo-flach_Logo_NEW_21.10.2025_DE_100PX.png\",\"width\":1000,\"height\":340,\"caption\":\"Freiheitskalender\"},\"image\":{\"@id\":\"https:\\\/\\\/freiheitskalender.ch\\\/#\\\/schema\\\/logo\\\/image\\\/\"}}]}<\/script>\n<!-- \/ Yoast SEO plugin. -->","yoast_head_json":{"title":"Spaziergang in Z\u00fcrich - Freiheitskalender","robots":{"index":"index","follow":"follow","max-snippet":"max-snippet:-1","max-image-preview":"max-image-preview:large","max-video-preview":"max-video-preview:-1"},"canonical":"https:\/\/freiheitskalender.ch\/fr\/event\/spaziergang-in-zuerich\/","og_locale":"fr_FR","og_type":"article","og_title":"Spaziergang in Z\u00fcrich - Freiheitskalender","og_description":"Vor vier Jahren begann mein Spaziergang mit \u00fcber 1300 Mitspazierenden Vor genau vier Jahren verbot man uns den menschlichen Kontakt. Der Staat und die Medien verbreiteten Todespanik vor etwas, das [&hellip;]","og_url":"https:\/\/freiheitskalender.ch\/fr\/event\/spaziergang-in-zuerich\/","og_site_name":"Freiheitskalender","article_modified_time":"2025-02-22T08:39:23+00:00","og_image":[{"width":1080,"height":720,"url":"https:\/\/freiheitskalender.ch\/wp-content\/uploads\/2025\/02\/GkV-IFZW8AA1599.jpeg","type":"image\/jpeg"}],"twitter_card":"summary_large_image","twitter_misc":{"Dur\u00e9e de lecture estim\u00e9e":"2 minutes"},"schema":{"@context":"https:\/\/schema.org","@graph":[{"@type":"WebPage","@id":"https:\/\/freiheitskalender.ch\/event\/spaziergang-in-zuerich\/","url":"https:\/\/freiheitskalender.ch\/event\/spaziergang-in-zuerich\/","name":"Spaziergang in Z\u00fcrich - Freiheitskalender","isPartOf":{"@id":"https:\/\/freiheitskalender.ch\/#website"},"primaryImageOfPage":{"@id":"https:\/\/freiheitskalender.ch\/event\/spaziergang-in-zuerich\/#primaryimage"},"image":{"@id":"https:\/\/freiheitskalender.ch\/event\/spaziergang-in-zuerich\/#primaryimage"},"thumbnailUrl":"https:\/\/freiheitskalender.ch\/wp-content\/uploads\/2025\/02\/GkV-IFZW8AA1599.jpeg","datePublished":"2025-02-22T08:34:29+00:00","dateModified":"2025-02-22T08:39:23+00:00","breadcrumb":{"@id":"https:\/\/freiheitskalender.ch\/event\/spaziergang-in-zuerich\/#breadcrumb"},"inLanguage":"fr-FR","potentialAction":[{"@type":"ReadAction","target":["https:\/\/freiheitskalender.ch\/event\/spaziergang-in-zuerich\/"]}]},{"@type":"ImageObject","inLanguage":"fr-FR","@id":"https:\/\/freiheitskalender.ch\/event\/spaziergang-in-zuerich\/#primaryimage","url":"https:\/\/freiheitskalender.ch\/wp-content\/uploads\/2025\/02\/GkV-IFZW8AA1599.jpeg","contentUrl":"https:\/\/freiheitskalender.ch\/wp-content\/uploads\/2025\/02\/GkV-IFZW8AA1599.jpeg","width":1080,"height":720},{"@type":"BreadcrumbList","@id":"https:\/\/freiheitskalender.ch\/event\/spaziergang-in-zuerich\/#breadcrumb","itemListElement":[{"@type":"ListItem","position":1,"name":"Startseite","item":"https:\/\/freiheitskalender.ch\/fr\/"},{"@type":"ListItem","position":2,"name":"Spaziergang in Z\u00fcrich"}]},{"@type":"WebSite","@id":"https:\/\/freiheitskalender.ch\/#website","url":"https:\/\/freiheitskalender.ch\/","name":"Calendrier de la Libert\u00e9","description":"Termine aus der Community","publisher":{"@id":"https:\/\/freiheitskalender.ch\/#organization"},"potentialAction":[{"@type":"SearchAction","target":{"@type":"EntryPoint","urlTemplate":"https:\/\/freiheitskalender.ch\/?s={search_term_string}"},"query-input":{"@type":"PropertyValueSpecification","valueRequired":true,"valueName":"search_term_string"}}],"inLanguage":"fr-FR"},{"@type":"Organization","@id":"https:\/\/freiheitskalender.ch\/#organization","name":"Calendrier de la Libert\u00e9","url":"https:\/\/freiheitskalender.ch\/","logo":{"@type":"ImageObject","inLanguage":"fr-FR","@id":"https:\/\/freiheitskalender.ch\/#\/schema\/logo\/image\/","url":"https:\/\/freiheitskalender.ch\/wp-content\/uploads\/2025\/10\/Freiheitskalender-Logo-flach_Logo_NEW_21.10.2025_DE_100PX.png","contentUrl":"https:\/\/freiheitskalender.ch\/wp-content\/uploads\/2025\/10\/Freiheitskalender-Logo-flach_Logo_NEW_21.10.2025_DE_100PX.png","width":1000,"height":340,"caption":"Freiheitskalender"},"image":{"@id":"https:\/\/freiheitskalender.ch\/#\/schema\/logo\/image\/"}}]}},"ticketed":false,"_links":{"self":[{"href":"https:\/\/freiheitskalender.ch\/fr\/wp-json\/wp\/v2\/tribe_events\/641","targetHints":{"allow":["GET"]}}],"collection":[{"href":"https:\/\/freiheitskalender.ch\/fr\/wp-json\/wp\/v2\/tribe_events"}],"about":[{"href":"https:\/\/freiheitskalender.ch\/fr\/wp-json\/wp\/v2\/types\/tribe_events"}],"author":[{"embeddable":true,"href":"https:\/\/freiheitskalender.ch\/fr\/wp-json\/wp\/v2\/users\/5"}],"version-history":[{"count":2,"href":"https:\/\/freiheitskalender.ch\/fr\/wp-json\/wp\/v2\/tribe_events\/641\/revisions"}],"predecessor-version":[{"id":644,"href":"https:\/\/freiheitskalender.ch\/fr\/wp-json\/wp\/v2\/tribe_events\/641\/revisions\/644"}],"wp:featuredmedia":[{"embeddable":true,"href":"https:\/\/freiheitskalender.ch\/fr\/wp-json\/wp\/v2\/media\/642"}],"wp:attachment":[{"href":"https:\/\/freiheitskalender.ch\/fr\/wp-json\/wp\/v2\/media?parent=641"}],"wp:term":[{"taxonomy":"post_tag","embeddable":true,"href":"https:\/\/freiheitskalender.ch\/fr\/wp-json\/wp\/v2\/tags?post=641"},{"taxonomy":"tribe_events_cat","embeddable":true,"href":"https:\/\/freiheitskalender.ch\/fr\/wp-json\/wp\/v2\/tribe_events_cat?post=641"}],"curies":[{"name":"wp","href":"https:\/\/api.w.org\/{rel}","templated":true}]}}

Spaziergang in Zürich

<p>Vor vier Jahren begann mein Spaziergang mit über 1300 Mitspazierenden</p>
<p>Vor genau vier Jahren verbot man uns den menschlichen Kontakt. Der Staat und die Medien verbreiteten Todespanik vor etwas, das bis heute sehr umstritten war und ist. Ich hatte die Schnauze voll und sagte allen, dass ICH ’nen Spaziergang in Zürich machen werde, gegen den Lockdown, was dann auch das Motto meines Spazierganges war. Natürlich mit der Motivation von vielen aus dem Hintergrund. Was dann durch die willfährige und hörige Staatsmacht mit ihrer Staatsgewalt abging, konnte kaum einer fassen. Sie begannen regelrecht eine Hetzjagd auf friedliche Bürger zu machen, nur weil sie bei strömendem Regen einen Spaziergang machen wollten.</p>
<p>Seit vier Jahren mache ich nun meinen Spaziergang und von so vielen wurde und wird er immer noch belächelt. Doch im Gegensatz zu denen, die uns belächeln, machen wir wenigstens etwas. Natürlich haben sich mittlerweile die Gründe geändert, doch solange wir einen dermassen nichtsnutzigen Bundesrat und Parlament haben, braucht es Menschen, die auf die Strasse gehen. Ich bin immer noch stolz darauf, dass ich ihn indessen so lange durchgezogen habe, auch mit allen Widrigkeiten aus den eigenen Reihen wie auch von aussen.</p>
<p>Der nächste Spaziergang findet am 22.2.2025 statt. Komm doch auch Du, MIT oder ohne Plakat, vorbei und geniesse die Zeit zusammen, bevor es so richtig ernst wird.</p>
<p>——</p>
<p>Für weitere Informationen abonniere gratis die Kanäle von StandPunkt: <a href="https://www.t.me/standpunkt">https://www.t.me/standpunkt</a></p>

<p>Vor vier Jahren begann mein Spaziergang mit über 1300 Mitspazierenden Vor genau vier Jahren verbot man uns den menschlichen Kontakt. Der Staat und die Medien verbreiteten Todespanik vor etwas, das [&hellip;]</p>

<!-- This site is optimized with the Yoast SEO plugin v27.4 - https://yoast.com/product/yoast-seo-wordpress/ -->
<title>Spaziergang in Zürich - Freiheitskalender</title>
<meta name="robots" content="index, follow, max-snippet:-1, max-image-preview:large, max-video-preview:-1" />
<link rel="canonical" href="https://freiheitskalender.ch/fr/event/spaziergang-in-zuerich/" />
<meta property="og:locale" content="fr_FR" />
<meta property="og:type" content="article" />
<meta property="og:title" content="Spaziergang in Zürich - Freiheitskalender" />
<meta property="og:description" content="Vor vier Jahren begann mein Spaziergang mit über 1300 Mitspazierenden Vor genau vier Jahren verbot man uns den menschlichen Kontakt. Der Staat und die Medien verbreiteten Todespanik vor etwas, das [&hellip;]" />
<meta property="og:url" content="https://freiheitskalender.ch/fr/event/spaziergang-in-zuerich/" />
<meta property="og:site_name" content="Freiheitskalender" />
<meta property="article:modified_time" content="2025-02-22T08:39:23+00:00" />
<meta property="og:image" content="https://freiheitskalender.ch/wp-content/uploads/2025/02/GkV-IFZW8AA1599.jpeg" />
	<meta property="og:image:width" content="1080" />
	<meta property="og:image:height" content="720" />
	<meta property="og:image:type" content="image/jpeg" />
<meta name="twitter:card" content="summary_large_image" />
<meta name="twitter:label1" content="Durée de lecture estimée" />
	<meta name="twitter:data1" content="2 minutes" />
<script type="application/ld+json" class="yoast-schema-graph">{"@context":"https:\/\/schema.org","@graph":[{"@type":"WebPage","@id":"https:\/\/freiheitskalender.ch\/event\/spaziergang-in-zuerich\/","url":"https:\/\/freiheitskalender.ch\/event\/spaziergang-in-zuerich\/","name":"Spaziergang in Zürich - Freiheitskalender","isPartOf":{"@id":"https:\/\/freiheitskalender.ch\/#website"},"primaryImageOfPage":{"@id":"https:\/\/freiheitskalender.ch\/event\/spaziergang-in-zuerich\/#primaryimage"},"image":{"@id":"https:\/\/freiheitskalender.ch\/event\/spaziergang-in-zuerich\/#primaryimage"},"thumbnailUrl":"https:\/\/freiheitskalender.ch\/wp-content\/uploads\/2025\/02\/GkV-IFZW8AA1599.jpeg","datePublished":"2025-02-22T08:34:29+00:00","dateModified":"2025-02-22T08:39:23+00:00","breadcrumb":{"@id":"https:\/\/freiheitskalender.ch\/event\/spaziergang-in-zuerich\/#breadcrumb"},"inLanguage":"fr-FR","potentialAction":[{"@type":"ReadAction","target":["https:\/\/freiheitskalender.ch\/event\/spaziergang-in-zuerich\/"]}]},{"@type":"ImageObject","inLanguage":"fr-FR","@id":"https:\/\/freiheitskalender.ch\/event\/spaziergang-in-zuerich\/#primaryimage","url":"https:\/\/freiheitskalender.ch\/wp-content\/uploads\/2025\/02\/GkV-IFZW8AA1599.jpeg","contentUrl":"https:\/\/freiheitskalender.ch\/wp-content\/uploads\/2025\/02\/GkV-IFZW8AA1599.jpeg","width":1080,"height":720},{"@type":"BreadcrumbList","@id":"https:\/\/freiheitskalender.ch\/event\/spaziergang-in-zuerich\/#breadcrumb","itemListElement":[{"@type":"ListItem","position":1,"name":"Startseite","item":"https:\/\/freiheitskalender.ch\/fr\/"},{"@type":"ListItem","position":2,"name":"Spaziergang in Zürich"}]},{"@type":"WebSite","@id":"https:\/\/freiheitskalender.ch\/#website","url":"https:\/\/freiheitskalender.ch\/","name":"Freiheitskalender","description":"Termine aus der Community","publisher":{"@id":"https:\/\/freiheitskalender.ch\/#organization"},"potentialAction":[{"@type":"SearchAction","target":{"@type":"EntryPoint","urlTemplate":"https:\/\/freiheitskalender.ch\/?s={search_term_string}"},"query-input":{"@type":"PropertyValueSpecification","valueRequired":true,"valueName":"search_term_string"}}],"inLanguage":"fr-FR"},{"@type":"Organization","@id":"https:\/\/freiheitskalender.ch\/#organization","name":"Freiheitskalender","url":"https:\/\/freiheitskalender.ch\/","logo":{"@type":"ImageObject","inLanguage":"fr-FR","@id":"https:\/\/freiheitskalender.ch\/#\/schema\/logo\/image\/","url":"https:\/\/freiheitskalender.ch\/wp-content\/uploads\/2025\/10\/Freiheitskalender-Logo-flach_Logo_NEW_21.10.2025_DE_100PX.png","contentUrl":"https:\/\/freiheitskalender.ch\/wp-content\/uploads\/2025\/10\/Freiheitskalender-Logo-flach_Logo_NEW_21.10.2025_DE_100PX.png","width":1000,"height":340,"caption":"Freiheitskalender"},"image":{"@id":"https:\/\/freiheitskalender.ch\/#\/schema\/logo\/image\/"}}]}</script>
<!-- / Yoast SEO plugin. -->

Spaziergang in Zürich - Freiheitskalender

Vor vier Jahren begann mein Spaziergang mit über 1300 Mitspazierenden Vor genau vier Jahren verbot man uns den menschlichen Kontakt. Der Staat und die Medien verbreiteten Todespanik vor etwas, das [&hellip;]

Calendrier de la Liberté
