{"id":5388,"date":"2026-08-14T16:35:51","date_gmt":"2026-08-14T14:35:51","guid":{"rendered":"https:\/\/freiheitskalender.ch\/?post_type=tribe_events&#038;p=5388"},"modified":"2026-08-14T16:35:51","modified_gmt":"2026-08-14T14:35:51","slug":"andreas-thiel-bhagavad-gita-der-gesang-des-erhabenen","status":"publish","type":"tribe_events","link":"https:\/\/freiheitskalender.ch\/fr\/event\/andreas-thiel-bhagavad-gita-der-gesang-des-erhabenen\/","title":{"rendered":"Andreas Thiel &#8211; Bhagavad Gita \u2013 Der Gesang des Erhabenen"},"content":{"rendered":"<p class=\"font_8 wixui-rich-text__text\"><span class=\"wixui-rich-text__text\">Unter den altindischen Schriften ist die Bhagavad Gita die wichtigste und umfassendste Abhandlung \u00fcber die Philosophie der Gewaltlosigkeit. Und sie ruft zum kriegerischen Kampf auf. Wie kann das sein? Ber\u00fccksichtigt man die kunstvolle literarische Einbettung dieser 700 Verse in das \u00fcber 100\u2019000 Verse umfassende Sanskritepos Maha Bharata, erh\u00e4lt man erstaunlich konkrete und erbauliche Antworten auf die Frage, wer wann, wie, unter welchen Umst\u00e4nden und mit welchen Mitteln zum kriegerischen Kampf verpflichtet ist und wer sich wann und aus welchen Gr\u00fcnden neutral oder passiv verhalten darf oder muss.<\/span><\/p>","protected":false},"excerpt":{"rendered":"<p>Unter den altindischen Schriften ist die Bhagavad Gita die wichtigste und umfassendste Abhandlung \u00fcber die Philosophie der Gewaltlosigkeit. Und sie ruft zum kriegerischen Kampf auf. Wie kann das sein? Ber\u00fccksichtigt [&hellip;]<\/p>\n","protected":false},"author":20,"featured_media":5393,"template":"","meta":{"_price":"","_stock":"","_tribe_ticket_header":"","_tribe_default_ticket_provider":"","_tribe_ticket_capacity":"0","_ticket_start_date":"","_ticket_end_date":"","_tribe_ticket_show_description":"","_tribe_ticket_show_not_going":false,"_tribe_ticket_use_global_stock":"","_tribe_ticket_global_stock_level":"","_global_stock_mode":"","_global_stock_cap":"","_tribe_rsvp_for_event":"","_tribe_ticket_going_count":"","_tribe_ticket_not_going_count":"","_tribe_tickets_list":"[]","_tribe_ticket_has_attendee_info_fields":false,"_tribe_events_status":"","_tribe_events_status_reason":"","_tribe_events_is_hybrid":"","_tribe_events_is_virtual":"","_tribe_events_virtual_video_source":"","_tribe_events_virtual_embed_video":"","_tribe_events_virtual_linked_button_text":"","_tribe_events_virtual_linked_button":"","_tribe_events_virtual_show_embed_at":"","_tribe_events_virtual_show_embed_to":[],"_tribe_events_virtual_show_on_event":"","_tribe_events_virtual_show_on_views":"","_tribe_events_virtual_url":"","footnotes":"","_tec_slr_enabled":"","_tec_slr_layout":""},"tags":[111],"tribe_events_cat":[9],"class_list":["post-5388","tribe_events","type-tribe_events","status-publish","has-post-thumbnail","hentry","tag-andreas-thiel","tribe_events_cat-vortrag","cat_vortrag"],"blocksy_meta":[],"yoast_head":"<!-- This site is optimized with the Yoast SEO plugin v27.7 - https:\/\/yoast.com\/product\/yoast-seo-wordpress\/ -->\n<title>Andreas Thiel - Bhagavad Gita \u2013 Der Gesang des Erhabenen - Freiheitskalender<\/title>\n<meta name=\"robots\" content=\"index, follow, max-snippet:-1, max-image-preview:large, max-video-preview:-1\" \/>\n<link rel=\"canonical\" href=\"https:\/\/freiheitskalender.ch\/fr\/event\/andreas-thiel-bhagavad-gita-der-gesang-des-erhabenen\/\" \/>\n<meta property=\"og:locale\" content=\"fr_FR\" \/>\n<meta property=\"og:type\" content=\"article\" \/>\n<meta property=\"og:title\" content=\"Andreas Thiel - Bhagavad Gita \u2013 Der Gesang des Erhabenen - Freiheitskalender\" \/>\n<meta property=\"og:description\" content=\"Unter den altindischen Schriften ist die Bhagavad Gita die wichtigste und umfassendste Abhandlung \u00fcber die Philosophie der Gewaltlosigkeit. Und sie ruft zum kriegerischen Kampf auf. Wie kann das sein? Ber\u00fccksichtigt [&hellip;]\" \/>\n<meta property=\"og:url\" content=\"https:\/\/freiheitskalender.ch\/fr\/event\/andreas-thiel-bhagavad-gita-der-gesang-des-erhabenen\/\" \/>\n<meta property=\"og:site_name\" content=\"Freiheitskalender\" \/>\n<meta name=\"twitter:card\" content=\"summary_large_image\" \/>\n<script type=\"application\/ld+json\" class=\"yoast-schema-graph\">{\"@context\":\"https:\\\/\\\/schema.org\",\"@graph\":[{\"@type\":\"WebPage\",\"@id\":\"https:\\\/\\\/freiheitskalender.ch\\\/event\\\/andreas-thiel-bhagavad-gita-der-gesang-des-erhabenen\\\/\",\"url\":\"https:\\\/\\\/freiheitskalender.ch\\\/event\\\/andreas-thiel-bhagavad-gita-der-gesang-des-erhabenen\\\/\",\"name\":\"Andreas Thiel - Bhagavad Gita \u2013 Der Gesang des Erhabenen - Freiheitskalender\",\"isPartOf\":{\"@id\":\"https:\\\/\\\/freiheitskalender.ch\\\/#website\"},\"primaryImageOfPage\":{\"@id\":\"https:\\\/\\\/freiheitskalender.ch\\\/event\\\/andreas-thiel-bhagavad-gita-der-gesang-des-erhabenen\\\/#primaryimage\"},\"image\":{\"@id\":\"https:\\\/\\\/freiheitskalender.ch\\\/event\\\/andreas-thiel-bhagavad-gita-der-gesang-des-erhabenen\\\/#primaryimage\"},\"thumbnailUrl\":\"https:\\\/\\\/freiheitskalender.ch\\\/wp-content\\\/uploads\\\/2026\\\/08\\\/20.8.jpg\",\"datePublished\":\"2026-08-14T14:35:51+00:00\",\"breadcrumb\":{\"@id\":\"https:\\\/\\\/freiheitskalender.ch\\\/event\\\/andreas-thiel-bhagavad-gita-der-gesang-des-erhabenen\\\/#breadcrumb\"},\"inLanguage\":\"fr-FR\",\"potentialAction\":[{\"@type\":\"ReadAction\",\"target\":[\"https:\\\/\\\/freiheitskalender.ch\\\/event\\\/andreas-thiel-bhagavad-gita-der-gesang-des-erhabenen\\\/\"]}]},{\"@type\":\"ImageObject\",\"inLanguage\":\"fr-FR\",\"@id\":\"https:\\\/\\\/freiheitskalender.ch\\\/event\\\/andreas-thiel-bhagavad-gita-der-gesang-des-erhabenen\\\/#primaryimage\",\"url\":\"https:\\\/\\\/freiheitskalender.ch\\\/wp-content\\\/uploads\\\/2026\\\/08\\\/20.8.jpg\",\"contentUrl\":\"https:\\\/\\\/freiheitskalender.ch\\\/wp-content\\\/uploads\\\/2026\\\/08\\\/20.8.jpg\",\"width\":904,\"height\":1280},{\"@type\":\"BreadcrumbList\",\"@id\":\"https:\\\/\\\/freiheitskalender.ch\\\/event\\\/andreas-thiel-bhagavad-gita-der-gesang-des-erhabenen\\\/#breadcrumb\",\"itemListElement\":[{\"@type\":\"ListItem\",\"position\":1,\"name\":\"Startseite\",\"item\":\"https:\\\/\\\/freiheitskalender.ch\\\/fr\\\/\"},{\"@type\":\"ListItem\",\"position\":2,\"name\":\"Andreas Thiel &#8211; Bhagavad Gita \u2013 Der Gesang des Erhabenen\"}]},{\"@type\":\"WebSite\",\"@id\":\"https:\\\/\\\/freiheitskalender.ch\\\/#website\",\"url\":\"https:\\\/\\\/freiheitskalender.ch\\\/\",\"name\":\"Freiheitskalender\",\"description\":\"Termine aus der Community\",\"publisher\":{\"@id\":\"https:\\\/\\\/freiheitskalender.ch\\\/#organization\"},\"potentialAction\":[{\"@type\":\"SearchAction\",\"target\":{\"@type\":\"EntryPoint\",\"urlTemplate\":\"https:\\\/\\\/freiheitskalender.ch\\\/?s={search_term_string}\"},\"query-input\":{\"@type\":\"PropertyValueSpecification\",\"valueRequired\":true,\"valueName\":\"search_term_string\"}}],\"inLanguage\":\"fr-FR\"},{\"@type\":\"Organization\",\"@id\":\"https:\\\/\\\/freiheitskalender.ch\\\/#organization\",\"name\":\"Freiheitskalender\",\"url\":\"https:\\\/\\\/freiheitskalender.ch\\\/\",\"logo\":{\"@type\":\"ImageObject\",\"inLanguage\":\"fr-FR\",\"@id\":\"https:\\\/\\\/freiheitskalender.ch\\\/#\\\/schema\\\/logo\\\/image\\\/\",\"url\":\"https:\\\/\\\/freiheitskalender.ch\\\/wp-content\\\/uploads\\\/2025\\\/10\\\/Freiheitskalender-Logo-flach_Logo_NEW_21.10.2025_DE_100PX.png\",\"contentUrl\":\"https:\\\/\\\/freiheitskalender.ch\\\/wp-content\\\/uploads\\\/2025\\\/10\\\/Freiheitskalender-Logo-flach_Logo_NEW_21.10.2025_DE_100PX.png\",\"width\":1000,\"height\":340,\"caption\":\"Freiheitskalender\"},\"image\":{\"@id\":\"https:\\\/\\\/freiheitskalender.ch\\\/#\\\/schema\\\/logo\\\/image\\\/\"}}]}<\/script>\n<!-- \/ Yoast SEO plugin. -->","yoast_head_json":{"title":"Andreas Thiel - Bhagavad Gita \u2013 Der Gesang des Erhabenen - Freiheitskalender","robots":{"index":"index","follow":"follow","max-snippet":"max-snippet:-1","max-image-preview":"max-image-preview:large","max-video-preview":"max-video-preview:-1"},"canonical":"https:\/\/freiheitskalender.ch\/fr\/event\/andreas-thiel-bhagavad-gita-der-gesang-des-erhabenen\/","og_locale":"fr_FR","og_type":"article","og_title":"Andreas Thiel - Bhagavad Gita \u2013 Der Gesang des Erhabenen - Freiheitskalender","og_description":"Unter den altindischen Schriften ist die Bhagavad Gita die wichtigste und umfassendste Abhandlung \u00fcber die Philosophie der Gewaltlosigkeit. Und sie ruft zum kriegerischen Kampf auf. Wie kann das sein? Ber\u00fccksichtigt [&hellip;]","og_url":"https:\/\/freiheitskalender.ch\/fr\/event\/andreas-thiel-bhagavad-gita-der-gesang-des-erhabenen\/","og_site_name":"Freiheitskalender","twitter_card":"summary_large_image","schema":{"@context":"https:\/\/schema.org","@graph":[{"@type":"WebPage","@id":"https:\/\/freiheitskalender.ch\/event\/andreas-thiel-bhagavad-gita-der-gesang-des-erhabenen\/","url":"https:\/\/freiheitskalender.ch\/event\/andreas-thiel-bhagavad-gita-der-gesang-des-erhabenen\/","name":"Andreas Thiel - Bhagavad Gita \u2013 Der Gesang des Erhabenen - Freiheitskalender","isPartOf":{"@id":"https:\/\/freiheitskalender.ch\/#website"},"primaryImageOfPage":{"@id":"https:\/\/freiheitskalender.ch\/event\/andreas-thiel-bhagavad-gita-der-gesang-des-erhabenen\/#primaryimage"},"image":{"@id":"https:\/\/freiheitskalender.ch\/event\/andreas-thiel-bhagavad-gita-der-gesang-des-erhabenen\/#primaryimage"},"thumbnailUrl":"https:\/\/freiheitskalender.ch\/wp-content\/uploads\/2026\/08\/20.8.jpg","datePublished":"2026-08-14T14:35:51+00:00","breadcrumb":{"@id":"https:\/\/freiheitskalender.ch\/event\/andreas-thiel-bhagavad-gita-der-gesang-des-erhabenen\/#breadcrumb"},"inLanguage":"fr-FR","potentialAction":[{"@type":"ReadAction","target":["https:\/\/freiheitskalender.ch\/event\/andreas-thiel-bhagavad-gita-der-gesang-des-erhabenen\/"]}]},{"@type":"ImageObject","inLanguage":"fr-FR","@id":"https:\/\/freiheitskalender.ch\/event\/andreas-thiel-bhagavad-gita-der-gesang-des-erhabenen\/#primaryimage","url":"https:\/\/freiheitskalender.ch\/wp-content\/uploads\/2026\/08\/20.8.jpg","contentUrl":"https:\/\/freiheitskalender.ch\/wp-content\/uploads\/2026\/08\/20.8.jpg","width":904,"height":1280},{"@type":"BreadcrumbList","@id":"https:\/\/freiheitskalender.ch\/event\/andreas-thiel-bhagavad-gita-der-gesang-des-erhabenen\/#breadcrumb","itemListElement":[{"@type":"ListItem","position":1,"name":"Startseite","item":"https:\/\/freiheitskalender.ch\/fr\/"},{"@type":"ListItem","position":2,"name":"Andreas Thiel &#8211; Bhagavad Gita \u2013 Der Gesang des Erhabenen"}]},{"@type":"WebSite","@id":"https:\/\/freiheitskalender.ch\/#website","url":"https:\/\/freiheitskalender.ch\/","name":"Calendrier de la Libert\u00e9","description":"Termine aus der Community","publisher":{"@id":"https:\/\/freiheitskalender.ch\/#organization"},"potentialAction":[{"@type":"SearchAction","target":{"@type":"EntryPoint","urlTemplate":"https:\/\/freiheitskalender.ch\/?s={search_term_string}"},"query-input":{"@type":"PropertyValueSpecification","valueRequired":true,"valueName":"search_term_string"}}],"inLanguage":"fr-FR"},{"@type":"Organization","@id":"https:\/\/freiheitskalender.ch\/#organization","name":"Calendrier de la Libert\u00e9","url":"https:\/\/freiheitskalender.ch\/","logo":{"@type":"ImageObject","inLanguage":"fr-FR","@id":"https:\/\/freiheitskalender.ch\/#\/schema\/logo\/image\/","url":"https:\/\/freiheitskalender.ch\/wp-content\/uploads\/2025\/10\/Freiheitskalender-Logo-flach_Logo_NEW_21.10.2025_DE_100PX.png","contentUrl":"https:\/\/freiheitskalender.ch\/wp-content\/uploads\/2025\/10\/Freiheitskalender-Logo-flach_Logo_NEW_21.10.2025_DE_100PX.png","width":1000,"height":340,"caption":"Freiheitskalender"},"image":{"@id":"https:\/\/freiheitskalender.ch\/#\/schema\/logo\/image\/"}}]}},"jetpack_sharing_enabled":true,"ticketed":false,"_links":{"self":[{"href":"https:\/\/freiheitskalender.ch\/fr\/wp-json\/wp\/v2\/tribe_events\/5388","targetHints":{"allow":["GET"]}}],"collection":[{"href":"https:\/\/freiheitskalender.ch\/fr\/wp-json\/wp\/v2\/tribe_events"}],"about":[{"href":"https:\/\/freiheitskalender.ch\/fr\/wp-json\/wp\/v2\/types\/tribe_events"}],"author":[{"embeddable":true,"href":"https:\/\/freiheitskalender.ch\/fr\/wp-json\/wp\/v2\/users\/20"}],"version-history":[{"count":1,"href":"https:\/\/freiheitskalender.ch\/fr\/wp-json\/wp\/v2\/tribe_events\/5388\/revisions"}],"predecessor-version":[{"id":5392,"href":"https:\/\/freiheitskalender.ch\/fr\/wp-json\/wp\/v2\/tribe_events\/5388\/revisions\/5392"}],"wp:featuredmedia":[{"embeddable":true,"href":"https:\/\/freiheitskalender.ch\/fr\/wp-json\/wp\/v2\/media\/5393"}],"wp:attachment":[{"href":"https:\/\/freiheitskalender.ch\/fr\/wp-json\/wp\/v2\/media?parent=5388"}],"wp:term":[{"taxonomy":"post_tag","embeddable":true,"href":"https:\/\/freiheitskalender.ch\/fr\/wp-json\/wp\/v2\/tags?post=5388"},{"taxonomy":"tribe_events_cat","embeddable":true,"href":"https:\/\/freiheitskalender.ch\/fr\/wp-json\/wp\/v2\/tribe_events_cat?post=5388"}],"curies":[{"name":"wp","href":"https:\/\/api.w.org\/{rel}","templated":true}]}}

<p class="font_8 wixui-rich-text__text"><span class="wixui-rich-text__text">Unter den altindischen Schriften ist die Bhagavad Gita die wichtigste und umfassendste Abhandlung über die Philosophie der Gewaltlosigkeit. Und sie ruft zum kriegerischen Kampf auf. Wie kann das sein? Berücksichtigt man die kunstvolle literarische Einbettung dieser 700 Verse in das über 100’000 Verse umfassende Sanskritepos Maha Bharata, erhält man erstaunlich konkrete und erbauliche Antworten auf die Frage, wer wann, wie, unter welchen Umständen und mit welchen Mitteln zum kriegerischen Kampf verpflichtet ist und wer sich wann und aus welchen Gründen neutral oder passiv verhalten darf oder muss.</span></p>

<p>Unter den altindischen Schriften ist die Bhagavad Gita die wichtigste und umfassendste Abhandlung über die Philosophie der Gewaltlosigkeit. Und sie ruft zum kriegerischen Kampf auf. Wie kann das sein? Berücksichtigt [&hellip;]</p>

<!-- This site is optimized with the Yoast SEO plugin v27.7 - https://yoast.com/product/yoast-seo-wordpress/ -->
<title>Andreas Thiel - Bhagavad Gita – Der Gesang des Erhabenen - Freiheitskalender</title>
<meta name="robots" content="index, follow, max-snippet:-1, max-image-preview:large, max-video-preview:-1" />
<link rel="canonical" href="https://freiheitskalender.ch/fr/event/andreas-thiel-bhagavad-gita-der-gesang-des-erhabenen/" />
<meta property="og:locale" content="fr_FR" />
<meta property="og:type" content="article" />
<meta property="og:title" content="Andreas Thiel - Bhagavad Gita – Der Gesang des Erhabenen - Freiheitskalender" />
<meta property="og:description" content="Unter den altindischen Schriften ist die Bhagavad Gita die wichtigste und umfassendste Abhandlung über die Philosophie der Gewaltlosigkeit. Und sie ruft zum kriegerischen Kampf auf. Wie kann das sein? Berücksichtigt [&hellip;]" />
<meta property="og:url" content="https://freiheitskalender.ch/fr/event/andreas-thiel-bhagavad-gita-der-gesang-des-erhabenen/" />
<meta property="og:site_name" content="Freiheitskalender" />
<meta name="twitter:card" content="summary_large_image" />
<script type="application/ld+json" class="yoast-schema-graph">{"@context":"https:\/\/schema.org","@graph":[{"@type":"WebPage","@id":"https:\/\/freiheitskalender.ch\/event\/andreas-thiel-bhagavad-gita-der-gesang-des-erhabenen\/","url":"https:\/\/freiheitskalender.ch\/event\/andreas-thiel-bhagavad-gita-der-gesang-des-erhabenen\/","name":"Andreas Thiel - Bhagavad Gita – Der Gesang des Erhabenen - Freiheitskalender","isPartOf":{"@id":"https:\/\/freiheitskalender.ch\/#website"},"primaryImageOfPage":{"@id":"https:\/\/freiheitskalender.ch\/event\/andreas-thiel-bhagavad-gita-der-gesang-des-erhabenen\/#primaryimage"},"image":{"@id":"https:\/\/freiheitskalender.ch\/event\/andreas-thiel-bhagavad-gita-der-gesang-des-erhabenen\/#primaryimage"},"thumbnailUrl":"https:\/\/freiheitskalender.ch\/wp-content\/uploads\/2026\/08\/20.8.jpg","datePublished":"2026-08-14T14:35:51+00:00","breadcrumb":{"@id":"https:\/\/freiheitskalender.ch\/event\/andreas-thiel-bhagavad-gita-der-gesang-des-erhabenen\/#breadcrumb"},"inLanguage":"fr-FR","potentialAction":[{"@type":"ReadAction","target":["https:\/\/freiheitskalender.ch\/event\/andreas-thiel-bhagavad-gita-der-gesang-des-erhabenen\/"]}]},{"@type":"ImageObject","inLanguage":"fr-FR","@id":"https:\/\/freiheitskalender.ch\/event\/andreas-thiel-bhagavad-gita-der-gesang-des-erhabenen\/#primaryimage","url":"https:\/\/freiheitskalender.ch\/wp-content\/uploads\/2026\/08\/20.8.jpg","contentUrl":"https:\/\/freiheitskalender.ch\/wp-content\/uploads\/2026\/08\/20.8.jpg","width":904,"height":1280},{"@type":"BreadcrumbList","@id":"https:\/\/freiheitskalender.ch\/event\/andreas-thiel-bhagavad-gita-der-gesang-des-erhabenen\/#breadcrumb","itemListElement":[{"@type":"ListItem","position":1,"name":"Startseite","item":"https:\/\/freiheitskalender.ch\/fr\/"},{"@type":"ListItem","position":2,"name":"Andreas Thiel &#8211; Bhagavad Gita – Der Gesang des Erhabenen"}]},{"@type":"WebSite","@id":"https:\/\/freiheitskalender.ch\/#website","url":"https:\/\/freiheitskalender.ch\/","name":"Freiheitskalender","description":"Termine aus der Community","publisher":{"@id":"https:\/\/freiheitskalender.ch\/#organization"},"potentialAction":[{"@type":"SearchAction","target":{"@type":"EntryPoint","urlTemplate":"https:\/\/freiheitskalender.ch\/?s={search_term_string}"},"query-input":{"@type":"PropertyValueSpecification","valueRequired":true,"valueName":"search_term_string"}}],"inLanguage":"fr-FR"},{"@type":"Organization","@id":"https:\/\/freiheitskalender.ch\/#organization","name":"Freiheitskalender","url":"https:\/\/freiheitskalender.ch\/","logo":{"@type":"ImageObject","inLanguage":"fr-FR","@id":"https:\/\/freiheitskalender.ch\/#\/schema\/logo\/image\/","url":"https:\/\/freiheitskalender.ch\/wp-content\/uploads\/2025\/10\/Freiheitskalender-Logo-flach_Logo_NEW_21.10.2025_DE_100PX.png","contentUrl":"https:\/\/freiheitskalender.ch\/wp-content\/uploads\/2025\/10\/Freiheitskalender-Logo-flach_Logo_NEW_21.10.2025_DE_100PX.png","width":1000,"height":340,"caption":"Freiheitskalender"},"image":{"@id":"https:\/\/freiheitskalender.ch\/#\/schema\/logo\/image\/"}}]}</script>
<!-- / Yoast SEO plugin. -->

Unter den altindischen Schriften ist die Bhagavad Gita die wichtigste und umfassendste Abhandlung über die Philosophie der Gewaltlosigkeit. Und sie ruft zum kriegerischen Kampf auf. Wie kann das sein? Berücksichtigt [&hellip;]

Calendrier de la Liberté
