{"id":3716,"date":"2026-03-03T08:25:39","date_gmt":"2026-03-03T07:25:39","guid":{"rendered":"https:\/\/freiheitskalender.ch\/?post_type=tribe_events&#038;p=3716"},"modified":"2026-03-03T08:25:39","modified_gmt":"2026-03-03T07:25:39","slug":"panaceha-kongress-2026","status":"publish","type":"tribe_events","link":"https:\/\/freiheitskalender.ch\/fr\/event\/panaceha-kongress-2026\/","title":{"rendered":"PanaCeHa Kongress 2026"},"content":{"rendered":"<p><strong>\u00abMit Mut zum Widerspruch zu einer gesunden Gesellschaft\u00bb<\/strong><\/p>\n<p>Diese Zeit steht im Zeichen des Wandels und der Transformation. Niemals war die Gelegenheit besser, aber nie war es auch dringlicher als im Hier und Jetzt, uns selbst an diesem Wandel zu beteiligen.<\/p>\n<p>Zun\u00e4chst kleine Impulse k\u00f6nnen eine immense Kraft entfalten, anf\u00e4nglich nur gedachte Ideen werden m\u00f6glicherweise am Ende das Z\u00fcnglein an der Waage f\u00fcr eine grosse Ver\u00e4nderung darstellen.<\/p>\n<p>Lassen Sie uns zusammen an diesem Wochenende dazu beitragen, dass der Wind des Wandels an Kraft gewinnt.<\/p>\n<p>In der Vernetzung und im gemeinsamen Austausch wollen wir bestehende Projekte vorstellen und Visionen f\u00fcr ein menschliches Zusammenleben in einer gesunden Gesellschaft geben. Freuen Sie sich auf \u00fcber 30 namhafte Referenten, lebendige Podiumsdiskussionen und Vortr\u00e4ge. Ein rundum\u00a0spannendes Programm und vielen Impulsen.<\/p>","protected":false},"excerpt":{"rendered":"<p>\u00abMit Mut zum Widerspruch zu einer gesunden Gesellschaft\u00bb Diese Zeit steht im Zeichen des Wandels und der Transformation. Niemals war die Gelegenheit besser, aber nie war es auch dringlicher als [&hellip;]<\/p>\n","protected":false},"author":8,"featured_media":0,"template":"","meta":{"_price":"","_stock":"","_tribe_ticket_header":"","_tribe_default_ticket_provider":"","_tribe_ticket_capacity":"0","_ticket_start_date":"","_ticket_end_date":"","_tribe_ticket_show_description":"","_tribe_ticket_show_not_going":false,"_tribe_ticket_use_global_stock":"","_tribe_ticket_global_stock_level":"","_global_stock_mode":"","_global_stock_cap":"","_tribe_rsvp_for_event":"","_tribe_ticket_going_count":"","_tribe_ticket_not_going_count":"","_tribe_tickets_list":"[]","_tribe_ticket_has_attendee_info_fields":false,"_tribe_events_status":"","_tribe_events_status_reason":"","_tribe_events_is_hybrid":"","_tribe_events_is_virtual":"","_tribe_events_virtual_video_source":"","_tribe_events_virtual_embed_video":"","_tribe_events_virtual_linked_button_text":"","_tribe_events_virtual_linked_button":"","_tribe_events_virtual_show_embed_at":"","_tribe_events_virtual_show_embed_to":[],"_tribe_events_virtual_show_on_event":"","_tribe_events_virtual_show_on_views":"","_tribe_events_virtual_url":"","footnotes":"","_tec_slr_enabled":"","_tec_slr_layout":""},"tags":[39],"tribe_events_cat":[7,115,145],"class_list":["post-3716","tribe_events","type-tribe_events","status-publish","hentry","tag-gesundheitswesen","tribe_events_cat-event","tribe_events_cat-gespraeche","tribe_events_cat-konferenz","cat_event","cat_gespraeche","cat_konferenz"],"blocksy_meta":[],"yoast_head":"<!-- This site is optimized with the Yoast SEO plugin v27.4 - https:\/\/yoast.com\/product\/yoast-seo-wordpress\/ -->\n<title>PanaCeHa Kongress 2026 - Freiheitskalender<\/title>\n<meta name=\"robots\" content=\"index, follow, max-snippet:-1, max-image-preview:large, max-video-preview:-1\" \/>\n<link rel=\"canonical\" href=\"https:\/\/freiheitskalender.ch\/fr\/event\/panaceha-kongress-2026\/\" \/>\n<meta property=\"og:locale\" content=\"fr_FR\" \/>\n<meta property=\"og:type\" content=\"article\" \/>\n<meta property=\"og:title\" content=\"PanaCeHa Kongress 2026 - Freiheitskalender\" \/>\n<meta property=\"og:description\" content=\"\u00abMit Mut zum Widerspruch zu einer gesunden Gesellschaft\u00bb Diese Zeit steht im Zeichen des Wandels und der Transformation. Niemals war die Gelegenheit besser, aber nie war es auch dringlicher als [&hellip;]\" \/>\n<meta property=\"og:url\" content=\"https:\/\/freiheitskalender.ch\/fr\/event\/panaceha-kongress-2026\/\" \/>\n<meta property=\"og:site_name\" content=\"Freiheitskalender\" \/>\n<meta name=\"twitter:card\" content=\"summary_large_image\" \/>\n<meta name=\"twitter:label1\" content=\"Dur\u00e9e de lecture estim\u00e9e\" \/>\n\t<meta name=\"twitter:data1\" content=\"1 minute\" \/>\n<script type=\"application\/ld+json\" class=\"yoast-schema-graph\">{\"@context\":\"https:\\\/\\\/schema.org\",\"@graph\":[{\"@type\":\"WebPage\",\"@id\":\"https:\\\/\\\/freiheitskalender.ch\\\/event\\\/panaceha-kongress-2026\\\/\",\"url\":\"https:\\\/\\\/freiheitskalender.ch\\\/event\\\/panaceha-kongress-2026\\\/\",\"name\":\"PanaCeHa Kongress 2026 - Freiheitskalender\",\"isPartOf\":{\"@id\":\"https:\\\/\\\/freiheitskalender.ch\\\/#website\"},\"datePublished\":\"2026-03-03T07:25:39+00:00\",\"breadcrumb\":{\"@id\":\"https:\\\/\\\/freiheitskalender.ch\\\/event\\\/panaceha-kongress-2026\\\/#breadcrumb\"},\"inLanguage\":\"fr-FR\",\"potentialAction\":[{\"@type\":\"ReadAction\",\"target\":[\"https:\\\/\\\/freiheitskalender.ch\\\/event\\\/panaceha-kongress-2026\\\/\"]}]},{\"@type\":\"BreadcrumbList\",\"@id\":\"https:\\\/\\\/freiheitskalender.ch\\\/event\\\/panaceha-kongress-2026\\\/#breadcrumb\",\"itemListElement\":[{\"@type\":\"ListItem\",\"position\":1,\"name\":\"Startseite\",\"item\":\"https:\\\/\\\/freiheitskalender.ch\\\/fr\\\/\"},{\"@type\":\"ListItem\",\"position\":2,\"name\":\"PanaCeHa Kongress 2026\"}]},{\"@type\":\"WebSite\",\"@id\":\"https:\\\/\\\/freiheitskalender.ch\\\/#website\",\"url\":\"https:\\\/\\\/freiheitskalender.ch\\\/\",\"name\":\"Freiheitskalender\",\"description\":\"Termine aus der Community\",\"publisher\":{\"@id\":\"https:\\\/\\\/freiheitskalender.ch\\\/#organization\"},\"potentialAction\":[{\"@type\":\"SearchAction\",\"target\":{\"@type\":\"EntryPoint\",\"urlTemplate\":\"https:\\\/\\\/freiheitskalender.ch\\\/?s={search_term_string}\"},\"query-input\":{\"@type\":\"PropertyValueSpecification\",\"valueRequired\":true,\"valueName\":\"search_term_string\"}}],\"inLanguage\":\"fr-FR\"},{\"@type\":\"Organization\",\"@id\":\"https:\\\/\\\/freiheitskalender.ch\\\/#organization\",\"name\":\"Freiheitskalender\",\"url\":\"https:\\\/\\\/freiheitskalender.ch\\\/\",\"logo\":{\"@type\":\"ImageObject\",\"inLanguage\":\"fr-FR\",\"@id\":\"https:\\\/\\\/freiheitskalender.ch\\\/#\\\/schema\\\/logo\\\/image\\\/\",\"url\":\"https:\\\/\\\/freiheitskalender.ch\\\/wp-content\\\/uploads\\\/2025\\\/10\\\/Freiheitskalender-Logo-flach_Logo_NEW_21.10.2025_DE_100PX.png\",\"contentUrl\":\"https:\\\/\\\/freiheitskalender.ch\\\/wp-content\\\/uploads\\\/2025\\\/10\\\/Freiheitskalender-Logo-flach_Logo_NEW_21.10.2025_DE_100PX.png\",\"width\":1000,\"height\":340,\"caption\":\"Freiheitskalender\"},\"image\":{\"@id\":\"https:\\\/\\\/freiheitskalender.ch\\\/#\\\/schema\\\/logo\\\/image\\\/\"}}]}<\/script>\n<!-- \/ Yoast SEO plugin. -->","yoast_head_json":{"title":"PanaCeHa Kongress 2026 - Freiheitskalender","robots":{"index":"index","follow":"follow","max-snippet":"max-snippet:-1","max-image-preview":"max-image-preview:large","max-video-preview":"max-video-preview:-1"},"canonical":"https:\/\/freiheitskalender.ch\/fr\/event\/panaceha-kongress-2026\/","og_locale":"fr_FR","og_type":"article","og_title":"PanaCeHa Kongress 2026 - Freiheitskalender","og_description":"\u00abMit Mut zum Widerspruch zu einer gesunden Gesellschaft\u00bb Diese Zeit steht im Zeichen des Wandels und der Transformation. Niemals war die Gelegenheit besser, aber nie war es auch dringlicher als [&hellip;]","og_url":"https:\/\/freiheitskalender.ch\/fr\/event\/panaceha-kongress-2026\/","og_site_name":"Freiheitskalender","twitter_card":"summary_large_image","twitter_misc":{"Dur\u00e9e de lecture estim\u00e9e":"1 minute"},"schema":{"@context":"https:\/\/schema.org","@graph":[{"@type":"WebPage","@id":"https:\/\/freiheitskalender.ch\/event\/panaceha-kongress-2026\/","url":"https:\/\/freiheitskalender.ch\/event\/panaceha-kongress-2026\/","name":"PanaCeHa Kongress 2026 - Freiheitskalender","isPartOf":{"@id":"https:\/\/freiheitskalender.ch\/#website"},"datePublished":"2026-03-03T07:25:39+00:00","breadcrumb":{"@id":"https:\/\/freiheitskalender.ch\/event\/panaceha-kongress-2026\/#breadcrumb"},"inLanguage":"fr-FR","potentialAction":[{"@type":"ReadAction","target":["https:\/\/freiheitskalender.ch\/event\/panaceha-kongress-2026\/"]}]},{"@type":"BreadcrumbList","@id":"https:\/\/freiheitskalender.ch\/event\/panaceha-kongress-2026\/#breadcrumb","itemListElement":[{"@type":"ListItem","position":1,"name":"Startseite","item":"https:\/\/freiheitskalender.ch\/fr\/"},{"@type":"ListItem","position":2,"name":"PanaCeHa Kongress 2026"}]},{"@type":"WebSite","@id":"https:\/\/freiheitskalender.ch\/#website","url":"https:\/\/freiheitskalender.ch\/","name":"Calendrier de la Libert\u00e9","description":"Termine aus der Community","publisher":{"@id":"https:\/\/freiheitskalender.ch\/#organization"},"potentialAction":[{"@type":"SearchAction","target":{"@type":"EntryPoint","urlTemplate":"https:\/\/freiheitskalender.ch\/?s={search_term_string}"},"query-input":{"@type":"PropertyValueSpecification","valueRequired":true,"valueName":"search_term_string"}}],"inLanguage":"fr-FR"},{"@type":"Organization","@id":"https:\/\/freiheitskalender.ch\/#organization","name":"Calendrier de la Libert\u00e9","url":"https:\/\/freiheitskalender.ch\/","logo":{"@type":"ImageObject","inLanguage":"fr-FR","@id":"https:\/\/freiheitskalender.ch\/#\/schema\/logo\/image\/","url":"https:\/\/freiheitskalender.ch\/wp-content\/uploads\/2025\/10\/Freiheitskalender-Logo-flach_Logo_NEW_21.10.2025_DE_100PX.png","contentUrl":"https:\/\/freiheitskalender.ch\/wp-content\/uploads\/2025\/10\/Freiheitskalender-Logo-flach_Logo_NEW_21.10.2025_DE_100PX.png","width":1000,"height":340,"caption":"Freiheitskalender"},"image":{"@id":"https:\/\/freiheitskalender.ch\/#\/schema\/logo\/image\/"}}]}},"ticketed":false,"_links":{"self":[{"href":"https:\/\/freiheitskalender.ch\/fr\/wp-json\/wp\/v2\/tribe_events\/3716","targetHints":{"allow":["GET"]}}],"collection":[{"href":"https:\/\/freiheitskalender.ch\/fr\/wp-json\/wp\/v2\/tribe_events"}],"about":[{"href":"https:\/\/freiheitskalender.ch\/fr\/wp-json\/wp\/v2\/types\/tribe_events"}],"author":[{"embeddable":true,"href":"https:\/\/freiheitskalender.ch\/fr\/wp-json\/wp\/v2\/users\/8"}],"version-history":[{"count":1,"href":"https:\/\/freiheitskalender.ch\/fr\/wp-json\/wp\/v2\/tribe_events\/3716\/revisions"}],"predecessor-version":[{"id":3718,"href":"https:\/\/freiheitskalender.ch\/fr\/wp-json\/wp\/v2\/tribe_events\/3716\/revisions\/3718"}],"wp:attachment":[{"href":"https:\/\/freiheitskalender.ch\/fr\/wp-json\/wp\/v2\/media?parent=3716"}],"wp:term":[{"taxonomy":"post_tag","embeddable":true,"href":"https:\/\/freiheitskalender.ch\/fr\/wp-json\/wp\/v2\/tags?post=3716"},{"taxonomy":"tribe_events_cat","embeddable":true,"href":"https:\/\/freiheitskalender.ch\/fr\/wp-json\/wp\/v2\/tribe_events_cat?post=3716"}],"curies":[{"name":"wp","href":"https:\/\/api.w.org\/{rel}","templated":true}]}}

<p><strong>«Mit Mut zum Widerspruch zu einer gesunden Gesellschaft»</strong></p>
<p>Diese Zeit steht im Zeichen des Wandels und der Transformation. Niemals war die Gelegenheit besser, aber nie war es auch dringlicher als im Hier und Jetzt, uns selbst an diesem Wandel zu beteiligen.</p>
<p>Zunächst kleine Impulse können eine immense Kraft entfalten, anfänglich nur gedachte Ideen werden möglicherweise am Ende das Zünglein an der Waage für eine grosse Veränderung darstellen.</p>
<p>Lassen Sie uns zusammen an diesem Wochenende dazu beitragen, dass der Wind des Wandels an Kraft gewinnt.</p>
<p>In der Vernetzung und im gemeinsamen Austausch wollen wir bestehende Projekte vorstellen und Visionen für ein menschliches Zusammenleben in einer gesunden Gesellschaft geben. Freuen Sie sich auf über 30 namhafte Referenten, lebendige Podiumsdiskussionen und Vorträge. Ein rundum spannendes Programm und vielen Impulsen.</p>

<!-- This site is optimized with the Yoast SEO plugin v27.4 - https://yoast.com/product/yoast-seo-wordpress/ -->
<title>PanaCeHa Kongress 2026 - Freiheitskalender</title>
<meta name="robots" content="index, follow, max-snippet:-1, max-image-preview:large, max-video-preview:-1" />
<link rel="canonical" href="https://freiheitskalender.ch/fr/event/panaceha-kongress-2026/" />
<meta property="og:locale" content="fr_FR" />
<meta property="og:type" content="article" />
<meta property="og:title" content="PanaCeHa Kongress 2026 - Freiheitskalender" />
<meta property="og:description" content="«Mit Mut zum Widerspruch zu einer gesunden Gesellschaft» Diese Zeit steht im Zeichen des Wandels und der Transformation. Niemals war die Gelegenheit besser, aber nie war es auch dringlicher als [&hellip;]" />
<meta property="og:url" content="https://freiheitskalender.ch/fr/event/panaceha-kongress-2026/" />
<meta property="og:site_name" content="Freiheitskalender" />
<meta name="twitter:card" content="summary_large_image" />
<meta name="twitter:label1" content="Durée de lecture estimée" />
	<meta name="twitter:data1" content="1 minute" />
<script type="application/ld+json" class="yoast-schema-graph">{"@context":"https:\/\/schema.org","@graph":[{"@type":"WebPage","@id":"https:\/\/freiheitskalender.ch\/event\/panaceha-kongress-2026\/","url":"https:\/\/freiheitskalender.ch\/event\/panaceha-kongress-2026\/","name":"PanaCeHa Kongress 2026 - Freiheitskalender","isPartOf":{"@id":"https:\/\/freiheitskalender.ch\/#website"},"datePublished":"2026-03-03T07:25:39+00:00","breadcrumb":{"@id":"https:\/\/freiheitskalender.ch\/event\/panaceha-kongress-2026\/#breadcrumb"},"inLanguage":"fr-FR","potentialAction":[{"@type":"ReadAction","target":["https:\/\/freiheitskalender.ch\/event\/panaceha-kongress-2026\/"]}]},{"@type":"BreadcrumbList","@id":"https:\/\/freiheitskalender.ch\/event\/panaceha-kongress-2026\/#breadcrumb","itemListElement":[{"@type":"ListItem","position":1,"name":"Startseite","item":"https:\/\/freiheitskalender.ch\/fr\/"},{"@type":"ListItem","position":2,"name":"PanaCeHa Kongress 2026"}]},{"@type":"WebSite","@id":"https:\/\/freiheitskalender.ch\/#website","url":"https:\/\/freiheitskalender.ch\/","name":"Freiheitskalender","description":"Termine aus der Community","publisher":{"@id":"https:\/\/freiheitskalender.ch\/#organization"},"potentialAction":[{"@type":"SearchAction","target":{"@type":"EntryPoint","urlTemplate":"https:\/\/freiheitskalender.ch\/?s={search_term_string}"},"query-input":{"@type":"PropertyValueSpecification","valueRequired":true,"valueName":"search_term_string"}}],"inLanguage":"fr-FR"},{"@type":"Organization","@id":"https:\/\/freiheitskalender.ch\/#organization","name":"Freiheitskalender","url":"https:\/\/freiheitskalender.ch\/","logo":{"@type":"ImageObject","inLanguage":"fr-FR","@id":"https:\/\/freiheitskalender.ch\/#\/schema\/logo\/image\/","url":"https:\/\/freiheitskalender.ch\/wp-content\/uploads\/2025\/10\/Freiheitskalender-Logo-flach_Logo_NEW_21.10.2025_DE_100PX.png","contentUrl":"https:\/\/freiheitskalender.ch\/wp-content\/uploads\/2025\/10\/Freiheitskalender-Logo-flach_Logo_NEW_21.10.2025_DE_100PX.png","width":1000,"height":340,"caption":"Freiheitskalender"},"image":{"@id":"https:\/\/freiheitskalender.ch\/#\/schema\/logo\/image\/"}}]}</script>
<!-- / Yoast SEO plugin. -->

Calendrier de la Liberté
