{"id":3699,"date":"2026-03-02T08:26:36","date_gmt":"2026-03-02T07:26:36","guid":{"rendered":"https:\/\/freiheitskalender.ch\/?post_type=tribe_events&#038;p=3699"},"modified":"2026-03-02T08:26:36","modified_gmt":"2026-03-02T07:26:36","slug":"zweite-schweizer-landsgemeinde-2","status":"publish","type":"tribe_events","link":"https:\/\/freiheitskalender.ch\/fr\/event\/zweite-schweizer-landsgemeinde-2\/","title":{"rendered":"Zweite Schweizer Landsgemeinde"},"content":{"rendered":"<p>Vor der Sommersession der eidgen\u00f6ssischen R\u00e4te wollen wir anl\u00e4sslich der zweiten Schweizer Landsgemeinde \u00fcber die politische Lage der Schweiz debattieren. Verschiedene Antr\u00e4ge werden von Rednern formuliert und es wird dar\u00fcber direktdemokratisch abgestimmt werden.<\/p>","protected":false},"excerpt":{"rendered":"<p>Vor der Sommersession der eidgen\u00f6ssischen R\u00e4te wollen wir anl\u00e4sslich der zweiten Schweizer Landsgemeinde \u00fcber die politische Lage der Schweiz debattieren. Verschiedene Antr\u00e4ge werden von Rednern formuliert und es wird dar\u00fcber [&hellip;]<\/p>\n","protected":false},"author":12,"featured_media":3702,"template":"","meta":{"_price":"","_stock":"","_tribe_ticket_header":"","_tribe_default_ticket_provider":"","_tribe_ticket_capacity":"0","_ticket_start_date":"","_ticket_end_date":"","_tribe_ticket_show_description":"","_tribe_ticket_show_not_going":false,"_tribe_ticket_use_global_stock":"","_tribe_ticket_global_stock_level":"","_global_stock_mode":"","_global_stock_cap":"","_tribe_rsvp_for_event":"","_tribe_ticket_going_count":"","_tribe_ticket_not_going_count":"","_tribe_tickets_list":"[]","_tribe_ticket_has_attendee_info_fields":false,"_tribe_events_status":"","_tribe_events_status_reason":"","_tribe_events_is_hybrid":"","_tribe_events_is_virtual":"","_tribe_events_virtual_video_source":"","_tribe_events_virtual_embed_video":"","_tribe_events_virtual_linked_button_text":"","_tribe_events_virtual_linked_button":"","_tribe_events_virtual_show_embed_at":"","_tribe_events_virtual_show_embed_to":[],"_tribe_events_virtual_show_on_event":"","_tribe_events_virtual_show_on_views":"","_tribe_events_virtual_url":"","footnotes":"","_tec_slr_enabled":"","_tec_slr_layout":""},"tags":[91],"tribe_events_cat":[106],"class_list":["post-3699","tribe_events","type-tribe_events","status-publish","has-post-thumbnail","hentry","tag-landsgemeinde","tribe_events_cat-veranstaltung","cat_veranstaltung"],"blocksy_meta":[],"yoast_head":"<!-- This site is optimized with the Yoast SEO plugin v27.4 - https:\/\/yoast.com\/product\/yoast-seo-wordpress\/ -->\n<title>Zweite Schweizer Landsgemeinde - Freiheitskalender<\/title>\n<meta name=\"robots\" content=\"index, follow, max-snippet:-1, max-image-preview:large, max-video-preview:-1\" \/>\n<link rel=\"canonical\" href=\"https:\/\/freiheitskalender.ch\/fr\/event\/zweite-schweizer-landsgemeinde-2\/\" \/>\n<meta property=\"og:locale\" content=\"fr_FR\" \/>\n<meta property=\"og:type\" content=\"article\" \/>\n<meta property=\"og:title\" content=\"Zweite Schweizer Landsgemeinde - Freiheitskalender\" \/>\n<meta property=\"og:description\" content=\"Vor der Sommersession der eidgen\u00f6ssischen R\u00e4te wollen wir anl\u00e4sslich der zweiten Schweizer Landsgemeinde \u00fcber die politische Lage der Schweiz debattieren. Verschiedene Antr\u00e4ge werden von Rednern formuliert und es wird dar\u00fcber [&hellip;]\" \/>\n<meta property=\"og:url\" content=\"https:\/\/freiheitskalender.ch\/fr\/event\/zweite-schweizer-landsgemeinde-2\/\" \/>\n<meta property=\"og:site_name\" content=\"Freiheitskalender\" \/>\n<meta name=\"twitter:card\" content=\"summary_large_image\" \/>\n<script type=\"application\/ld+json\" class=\"yoast-schema-graph\">{\"@context\":\"https:\\\/\\\/schema.org\",\"@graph\":[{\"@type\":\"WebPage\",\"@id\":\"https:\\\/\\\/freiheitskalender.ch\\\/event\\\/zweite-schweizer-landsgemeinde-2\\\/\",\"url\":\"https:\\\/\\\/freiheitskalender.ch\\\/event\\\/zweite-schweizer-landsgemeinde-2\\\/\",\"name\":\"Zweite Schweizer Landsgemeinde - Freiheitskalender\",\"isPartOf\":{\"@id\":\"https:\\\/\\\/freiheitskalender.ch\\\/#website\"},\"primaryImageOfPage\":{\"@id\":\"https:\\\/\\\/freiheitskalender.ch\\\/event\\\/zweite-schweizer-landsgemeinde-2\\\/#primaryimage\"},\"image\":{\"@id\":\"https:\\\/\\\/freiheitskalender.ch\\\/event\\\/zweite-schweizer-landsgemeinde-2\\\/#primaryimage\"},\"thumbnailUrl\":\"https:\\\/\\\/freiheitskalender.ch\\\/wp-content\\\/uploads\\\/2026\\\/03\\\/Flyer_definitiv_20260226.jpeg\",\"datePublished\":\"2026-03-02T07:26:36+00:00\",\"breadcrumb\":{\"@id\":\"https:\\\/\\\/freiheitskalender.ch\\\/event\\\/zweite-schweizer-landsgemeinde-2\\\/#breadcrumb\"},\"inLanguage\":\"fr-FR\",\"potentialAction\":[{\"@type\":\"ReadAction\",\"target\":[\"https:\\\/\\\/freiheitskalender.ch\\\/event\\\/zweite-schweizer-landsgemeinde-2\\\/\"]}]},{\"@type\":\"ImageObject\",\"inLanguage\":\"fr-FR\",\"@id\":\"https:\\\/\\\/freiheitskalender.ch\\\/event\\\/zweite-schweizer-landsgemeinde-2\\\/#primaryimage\",\"url\":\"https:\\\/\\\/freiheitskalender.ch\\\/wp-content\\\/uploads\\\/2026\\\/03\\\/Flyer_definitiv_20260226.jpeg\",\"contentUrl\":\"https:\\\/\\\/freiheitskalender.ch\\\/wp-content\\\/uploads\\\/2026\\\/03\\\/Flyer_definitiv_20260226.jpeg\",\"width\":1131,\"height\":1600},{\"@type\":\"BreadcrumbList\",\"@id\":\"https:\\\/\\\/freiheitskalender.ch\\\/event\\\/zweite-schweizer-landsgemeinde-2\\\/#breadcrumb\",\"itemListElement\":[{\"@type\":\"ListItem\",\"position\":1,\"name\":\"Startseite\",\"item\":\"https:\\\/\\\/freiheitskalender.ch\\\/fr\\\/\"},{\"@type\":\"ListItem\",\"position\":2,\"name\":\"Zweite Schweizer Landsgemeinde\"}]},{\"@type\":\"WebSite\",\"@id\":\"https:\\\/\\\/freiheitskalender.ch\\\/#website\",\"url\":\"https:\\\/\\\/freiheitskalender.ch\\\/\",\"name\":\"Freiheitskalender\",\"description\":\"Termine aus der Community\",\"publisher\":{\"@id\":\"https:\\\/\\\/freiheitskalender.ch\\\/#organization\"},\"potentialAction\":[{\"@type\":\"SearchAction\",\"target\":{\"@type\":\"EntryPoint\",\"urlTemplate\":\"https:\\\/\\\/freiheitskalender.ch\\\/?s={search_term_string}\"},\"query-input\":{\"@type\":\"PropertyValueSpecification\",\"valueRequired\":true,\"valueName\":\"search_term_string\"}}],\"inLanguage\":\"fr-FR\"},{\"@type\":\"Organization\",\"@id\":\"https:\\\/\\\/freiheitskalender.ch\\\/#organization\",\"name\":\"Freiheitskalender\",\"url\":\"https:\\\/\\\/freiheitskalender.ch\\\/\",\"logo\":{\"@type\":\"ImageObject\",\"inLanguage\":\"fr-FR\",\"@id\":\"https:\\\/\\\/freiheitskalender.ch\\\/#\\\/schema\\\/logo\\\/image\\\/\",\"url\":\"https:\\\/\\\/freiheitskalender.ch\\\/wp-content\\\/uploads\\\/2025\\\/10\\\/Freiheitskalender-Logo-flach_Logo_NEW_21.10.2025_DE_100PX.png\",\"contentUrl\":\"https:\\\/\\\/freiheitskalender.ch\\\/wp-content\\\/uploads\\\/2025\\\/10\\\/Freiheitskalender-Logo-flach_Logo_NEW_21.10.2025_DE_100PX.png\",\"width\":1000,\"height\":340,\"caption\":\"Freiheitskalender\"},\"image\":{\"@id\":\"https:\\\/\\\/freiheitskalender.ch\\\/#\\\/schema\\\/logo\\\/image\\\/\"}}]}<\/script>\n<!-- \/ Yoast SEO plugin. -->","yoast_head_json":{"title":"Zweite Schweizer Landsgemeinde - Freiheitskalender","robots":{"index":"index","follow":"follow","max-snippet":"max-snippet:-1","max-image-preview":"max-image-preview:large","max-video-preview":"max-video-preview:-1"},"canonical":"https:\/\/freiheitskalender.ch\/fr\/event\/zweite-schweizer-landsgemeinde-2\/","og_locale":"fr_FR","og_type":"article","og_title":"Zweite Schweizer Landsgemeinde - Freiheitskalender","og_description":"Vor der Sommersession der eidgen\u00f6ssischen R\u00e4te wollen wir anl\u00e4sslich der zweiten Schweizer Landsgemeinde \u00fcber die politische Lage der Schweiz debattieren. Verschiedene Antr\u00e4ge werden von Rednern formuliert und es wird dar\u00fcber [&hellip;]","og_url":"https:\/\/freiheitskalender.ch\/fr\/event\/zweite-schweizer-landsgemeinde-2\/","og_site_name":"Freiheitskalender","twitter_card":"summary_large_image","schema":{"@context":"https:\/\/schema.org","@graph":[{"@type":"WebPage","@id":"https:\/\/freiheitskalender.ch\/event\/zweite-schweizer-landsgemeinde-2\/","url":"https:\/\/freiheitskalender.ch\/event\/zweite-schweizer-landsgemeinde-2\/","name":"Zweite Schweizer Landsgemeinde - Freiheitskalender","isPartOf":{"@id":"https:\/\/freiheitskalender.ch\/#website"},"primaryImageOfPage":{"@id":"https:\/\/freiheitskalender.ch\/event\/zweite-schweizer-landsgemeinde-2\/#primaryimage"},"image":{"@id":"https:\/\/freiheitskalender.ch\/event\/zweite-schweizer-landsgemeinde-2\/#primaryimage"},"thumbnailUrl":"https:\/\/freiheitskalender.ch\/wp-content\/uploads\/2026\/03\/Flyer_definitiv_20260226.jpeg","datePublished":"2026-03-02T07:26:36+00:00","breadcrumb":{"@id":"https:\/\/freiheitskalender.ch\/event\/zweite-schweizer-landsgemeinde-2\/#breadcrumb"},"inLanguage":"fr-FR","potentialAction":[{"@type":"ReadAction","target":["https:\/\/freiheitskalender.ch\/event\/zweite-schweizer-landsgemeinde-2\/"]}]},{"@type":"ImageObject","inLanguage":"fr-FR","@id":"https:\/\/freiheitskalender.ch\/event\/zweite-schweizer-landsgemeinde-2\/#primaryimage","url":"https:\/\/freiheitskalender.ch\/wp-content\/uploads\/2026\/03\/Flyer_definitiv_20260226.jpeg","contentUrl":"https:\/\/freiheitskalender.ch\/wp-content\/uploads\/2026\/03\/Flyer_definitiv_20260226.jpeg","width":1131,"height":1600},{"@type":"BreadcrumbList","@id":"https:\/\/freiheitskalender.ch\/event\/zweite-schweizer-landsgemeinde-2\/#breadcrumb","itemListElement":[{"@type":"ListItem","position":1,"name":"Startseite","item":"https:\/\/freiheitskalender.ch\/fr\/"},{"@type":"ListItem","position":2,"name":"Zweite Schweizer Landsgemeinde"}]},{"@type":"WebSite","@id":"https:\/\/freiheitskalender.ch\/#website","url":"https:\/\/freiheitskalender.ch\/","name":"Calendrier de la Libert\u00e9","description":"Termine aus der Community","publisher":{"@id":"https:\/\/freiheitskalender.ch\/#organization"},"potentialAction":[{"@type":"SearchAction","target":{"@type":"EntryPoint","urlTemplate":"https:\/\/freiheitskalender.ch\/?s={search_term_string}"},"query-input":{"@type":"PropertyValueSpecification","valueRequired":true,"valueName":"search_term_string"}}],"inLanguage":"fr-FR"},{"@type":"Organization","@id":"https:\/\/freiheitskalender.ch\/#organization","name":"Calendrier de la Libert\u00e9","url":"https:\/\/freiheitskalender.ch\/","logo":{"@type":"ImageObject","inLanguage":"fr-FR","@id":"https:\/\/freiheitskalender.ch\/#\/schema\/logo\/image\/","url":"https:\/\/freiheitskalender.ch\/wp-content\/uploads\/2025\/10\/Freiheitskalender-Logo-flach_Logo_NEW_21.10.2025_DE_100PX.png","contentUrl":"https:\/\/freiheitskalender.ch\/wp-content\/uploads\/2025\/10\/Freiheitskalender-Logo-flach_Logo_NEW_21.10.2025_DE_100PX.png","width":1000,"height":340,"caption":"Freiheitskalender"},"image":{"@id":"https:\/\/freiheitskalender.ch\/#\/schema\/logo\/image\/"}}]}},"ticketed":false,"_links":{"self":[{"href":"https:\/\/freiheitskalender.ch\/fr\/wp-json\/wp\/v2\/tribe_events\/3699","targetHints":{"allow":["GET"]}}],"collection":[{"href":"https:\/\/freiheitskalender.ch\/fr\/wp-json\/wp\/v2\/tribe_events"}],"about":[{"href":"https:\/\/freiheitskalender.ch\/fr\/wp-json\/wp\/v2\/types\/tribe_events"}],"author":[{"embeddable":true,"href":"https:\/\/freiheitskalender.ch\/fr\/wp-json\/wp\/v2\/users\/12"}],"version-history":[{"count":1,"href":"https:\/\/freiheitskalender.ch\/fr\/wp-json\/wp\/v2\/tribe_events\/3699\/revisions"}],"predecessor-version":[{"id":3701,"href":"https:\/\/freiheitskalender.ch\/fr\/wp-json\/wp\/v2\/tribe_events\/3699\/revisions\/3701"}],"wp:featuredmedia":[{"embeddable":true,"href":"https:\/\/freiheitskalender.ch\/fr\/wp-json\/wp\/v2\/media\/3702"}],"wp:attachment":[{"href":"https:\/\/freiheitskalender.ch\/fr\/wp-json\/wp\/v2\/media?parent=3699"}],"wp:term":[{"taxonomy":"post_tag","embeddable":true,"href":"https:\/\/freiheitskalender.ch\/fr\/wp-json\/wp\/v2\/tags?post=3699"},{"taxonomy":"tribe_events_cat","embeddable":true,"href":"https:\/\/freiheitskalender.ch\/fr\/wp-json\/wp\/v2\/tribe_events_cat?post=3699"}],"curies":[{"name":"wp","href":"https:\/\/api.w.org\/{rel}","templated":true}]}}

<p>Vor der Sommersession der eidgenössischen Räte wollen wir anlässlich der zweiten Schweizer Landsgemeinde über die politische Lage der Schweiz debattieren. Verschiedene Anträge werden von Rednern formuliert und es wird darüber direktdemokratisch abgestimmt werden.</p>

<p>Vor der Sommersession der eidgenössischen Räte wollen wir anlässlich der zweiten Schweizer Landsgemeinde über die politische Lage der Schweiz debattieren. Verschiedene Anträge werden von Rednern formuliert und es wird darüber [&hellip;]</p>

<!-- This site is optimized with the Yoast SEO plugin v27.4 - https://yoast.com/product/yoast-seo-wordpress/ -->
<title>Zweite Schweizer Landsgemeinde - Freiheitskalender</title>
<meta name="robots" content="index, follow, max-snippet:-1, max-image-preview:large, max-video-preview:-1" />
<link rel="canonical" href="https://freiheitskalender.ch/fr/event/zweite-schweizer-landsgemeinde-2/" />
<meta property="og:locale" content="fr_FR" />
<meta property="og:type" content="article" />
<meta property="og:title" content="Zweite Schweizer Landsgemeinde - Freiheitskalender" />
<meta property="og:description" content="Vor der Sommersession der eidgenössischen Räte wollen wir anlässlich der zweiten Schweizer Landsgemeinde über die politische Lage der Schweiz debattieren. Verschiedene Anträge werden von Rednern formuliert und es wird darüber [&hellip;]" />
<meta property="og:url" content="https://freiheitskalender.ch/fr/event/zweite-schweizer-landsgemeinde-2/" />
<meta property="og:site_name" content="Freiheitskalender" />
<meta name="twitter:card" content="summary_large_image" />
<script type="application/ld+json" class="yoast-schema-graph">{"@context":"https:\/\/schema.org","@graph":[{"@type":"WebPage","@id":"https:\/\/freiheitskalender.ch\/event\/zweite-schweizer-landsgemeinde-2\/","url":"https:\/\/freiheitskalender.ch\/event\/zweite-schweizer-landsgemeinde-2\/","name":"Zweite Schweizer Landsgemeinde - Freiheitskalender","isPartOf":{"@id":"https:\/\/freiheitskalender.ch\/#website"},"primaryImageOfPage":{"@id":"https:\/\/freiheitskalender.ch\/event\/zweite-schweizer-landsgemeinde-2\/#primaryimage"},"image":{"@id":"https:\/\/freiheitskalender.ch\/event\/zweite-schweizer-landsgemeinde-2\/#primaryimage"},"thumbnailUrl":"https:\/\/freiheitskalender.ch\/wp-content\/uploads\/2026\/03\/Flyer_definitiv_20260226.jpeg","datePublished":"2026-03-02T07:26:36+00:00","breadcrumb":{"@id":"https:\/\/freiheitskalender.ch\/event\/zweite-schweizer-landsgemeinde-2\/#breadcrumb"},"inLanguage":"fr-FR","potentialAction":[{"@type":"ReadAction","target":["https:\/\/freiheitskalender.ch\/event\/zweite-schweizer-landsgemeinde-2\/"]}]},{"@type":"ImageObject","inLanguage":"fr-FR","@id":"https:\/\/freiheitskalender.ch\/event\/zweite-schweizer-landsgemeinde-2\/#primaryimage","url":"https:\/\/freiheitskalender.ch\/wp-content\/uploads\/2026\/03\/Flyer_definitiv_20260226.jpeg","contentUrl":"https:\/\/freiheitskalender.ch\/wp-content\/uploads\/2026\/03\/Flyer_definitiv_20260226.jpeg","width":1131,"height":1600},{"@type":"BreadcrumbList","@id":"https:\/\/freiheitskalender.ch\/event\/zweite-schweizer-landsgemeinde-2\/#breadcrumb","itemListElement":[{"@type":"ListItem","position":1,"name":"Startseite","item":"https:\/\/freiheitskalender.ch\/fr\/"},{"@type":"ListItem","position":2,"name":"Zweite Schweizer Landsgemeinde"}]},{"@type":"WebSite","@id":"https:\/\/freiheitskalender.ch\/#website","url":"https:\/\/freiheitskalender.ch\/","name":"Freiheitskalender","description":"Termine aus der Community","publisher":{"@id":"https:\/\/freiheitskalender.ch\/#organization"},"potentialAction":[{"@type":"SearchAction","target":{"@type":"EntryPoint","urlTemplate":"https:\/\/freiheitskalender.ch\/?s={search_term_string}"},"query-input":{"@type":"PropertyValueSpecification","valueRequired":true,"valueName":"search_term_string"}}],"inLanguage":"fr-FR"},{"@type":"Organization","@id":"https:\/\/freiheitskalender.ch\/#organization","name":"Freiheitskalender","url":"https:\/\/freiheitskalender.ch\/","logo":{"@type":"ImageObject","inLanguage":"fr-FR","@id":"https:\/\/freiheitskalender.ch\/#\/schema\/logo\/image\/","url":"https:\/\/freiheitskalender.ch\/wp-content\/uploads\/2025\/10\/Freiheitskalender-Logo-flach_Logo_NEW_21.10.2025_DE_100PX.png","contentUrl":"https:\/\/freiheitskalender.ch\/wp-content\/uploads\/2025\/10\/Freiheitskalender-Logo-flach_Logo_NEW_21.10.2025_DE_100PX.png","width":1000,"height":340,"caption":"Freiheitskalender"},"image":{"@id":"https:\/\/freiheitskalender.ch\/#\/schema\/logo\/image\/"}}]}</script>
<!-- / Yoast SEO plugin. -->

Vor der Sommersession der eidgenössischen Räte wollen wir anlässlich der zweiten Schweizer Landsgemeinde über die politische Lage der Schweiz debattieren. Verschiedene Anträge werden von Rednern formuliert und es wird darüber [&hellip;]

Calendrier de la Liberté
