{"id":2335,"date":"2025-10-22T12:53:15","date_gmt":"2025-10-22T10:53:15","guid":{"rendered":"https:\/\/freiheitskalender.ch\/?post_type=tribe_events&#038;p=2335"},"modified":"2025-10-22T12:53:15","modified_gmt":"2025-10-22T10:53:15","slug":"dr-med-marco-caimi-jetzt-erst-recht-11-kabarett-tour-2026","status":"publish","type":"tribe_events","link":"https:\/\/freiheitskalender.ch\/fr\/event\/dr-med-marco-caimi-jetzt-erst-recht-11-kabarett-tour-2026\/","title":{"rendered":"Dr. med. Marco Caimi &#8222;Jetzt erst recht&#8220; 11. Kabarett-Tour 2026"},"content":{"rendered":"<p>\u00abWas gibt es Sch\u00f6neres auf der Welt, als Alphornklang und Schweizergeld?\u00bb<br \/>\nUnsere Demokratie und damit die Schweiz steht zur Verscherbelung stramm.<br \/>\nSeelenlose Magistraten haben sich von ihr abgewandt und kriechen Ratten<br \/>\nf\u00e4ngern aus Br\u00fcssel in den Allerwertesten. Durch gef\u00e4hrliche B\u00fcndnisse mit<br \/>\nKriegstreibern gef\u00e4hrden sie nicht nur unseren Wohlstand, sondern unsere<br \/>\nExistenz. Asterix, der kleine gallische Freiheitsk\u00e4mpfer, ein Tell, Winkelried<br \/>\nund Dunant in einem, w\u00fcrde in diesen Zeiten erst recht sagen:<br \/>\n\u00abSie spinnen, die Helvetier!\u00bb<br \/>\nEin Abend aus der Schweiz, in der Schweiz und f\u00fcr die Schweiz<br \/>\nschauen wir gut zu ihr!<\/p>","protected":false},"excerpt":{"rendered":"<p>\u00abWas gibt es Sch\u00f6neres auf der Welt, als Alphornklang und Schweizergeld?\u00bb Unsere Demokratie und damit die Schweiz steht zur Verscherbelung stramm. Seelenlose Magistraten haben sich von ihr abgewandt und kriechen [&hellip;]<\/p>\n","protected":false},"author":8,"featured_media":2338,"template":"","meta":{"_price":"","_stock":"","_tribe_ticket_header":"","_tribe_default_ticket_provider":"","_tribe_ticket_capacity":"0","_ticket_start_date":"","_ticket_end_date":"","_tribe_ticket_show_description":"","_tribe_ticket_show_not_going":false,"_tribe_ticket_use_global_stock":"","_tribe_ticket_global_stock_level":"","_global_stock_mode":"","_global_stock_cap":"","_tribe_rsvp_for_event":"","_tribe_ticket_going_count":"","_tribe_ticket_not_going_count":"","_tribe_tickets_list":"[]","_tribe_ticket_has_attendee_info_fields":false,"_tribe_events_status":"","_tribe_events_status_reason":"","_tribe_events_is_hybrid":"","_tribe_events_is_virtual":"","_tribe_events_virtual_video_source":"","_tribe_events_virtual_embed_video":"","_tribe_events_virtual_linked_button_text":"","_tribe_events_virtual_linked_button":"","_tribe_events_virtual_show_embed_at":"","_tribe_events_virtual_show_embed_to":[],"_tribe_events_virtual_show_on_event":"","_tribe_events_virtual_show_on_views":"","_tribe_events_virtual_url":"","footnotes":"","_tec_slr_enabled":"","_tec_slr_layout":""},"tags":[74],"tribe_events_cat":[103,106],"class_list":["post-2335","tribe_events","type-tribe_events","status-publish","has-post-thumbnail","hentry","tag-dr-med-marco-caimi","tribe_events_cat-kabarett","tribe_events_cat-veranstaltung","cat_kabarett","cat_veranstaltung"],"blocksy_meta":[],"yoast_head":"<!-- This site is optimized with the Yoast SEO plugin v27.4 - https:\/\/yoast.com\/product\/yoast-seo-wordpress\/ -->\n<title>Dr. med. Marco Caimi &quot;Jetzt erst recht&quot; 11. Kabarett-Tour 2026 - Freiheitskalender<\/title>\n<meta name=\"robots\" content=\"index, follow, max-snippet:-1, max-image-preview:large, max-video-preview:-1\" \/>\n<link rel=\"canonical\" href=\"https:\/\/freiheitskalender.ch\/fr\/event\/dr-med-marco-caimi-jetzt-erst-recht-11-kabarett-tour-2026\/\" \/>\n<meta property=\"og:locale\" content=\"fr_FR\" \/>\n<meta property=\"og:type\" content=\"article\" \/>\n<meta property=\"og:title\" content=\"Dr. med. Marco Caimi &quot;Jetzt erst recht&quot; 11. Kabarett-Tour 2026 - Freiheitskalender\" \/>\n<meta property=\"og:description\" content=\"\u00abWas gibt es Sch\u00f6neres auf der Welt, als Alphornklang und Schweizergeld?\u00bb Unsere Demokratie und damit die Schweiz steht zur Verscherbelung stramm. Seelenlose Magistraten haben sich von ihr abgewandt und kriechen [&hellip;]\" \/>\n<meta property=\"og:url\" content=\"https:\/\/freiheitskalender.ch\/fr\/event\/dr-med-marco-caimi-jetzt-erst-recht-11-kabarett-tour-2026\/\" \/>\n<meta property=\"og:site_name\" content=\"Freiheitskalender\" \/>\n<meta name=\"twitter:card\" content=\"summary_large_image\" \/>\n<meta name=\"twitter:label1\" content=\"Dur\u00e9e de lecture estim\u00e9e\" \/>\n\t<meta name=\"twitter:data1\" content=\"1 minute\" \/>\n<script type=\"application\/ld+json\" class=\"yoast-schema-graph\">{\"@context\":\"https:\\\/\\\/schema.org\",\"@graph\":[{\"@type\":\"WebPage\",\"@id\":\"https:\\\/\\\/freiheitskalender.ch\\\/event\\\/dr-med-marco-caimi-jetzt-erst-recht-11-kabarett-tour-2026\\\/\",\"url\":\"https:\\\/\\\/freiheitskalender.ch\\\/event\\\/dr-med-marco-caimi-jetzt-erst-recht-11-kabarett-tour-2026\\\/\",\"name\":\"Dr. med. Marco Caimi \\\"Jetzt erst recht\\\" 11. Kabarett-Tour 2026 - Freiheitskalender\",\"isPartOf\":{\"@id\":\"https:\\\/\\\/freiheitskalender.ch\\\/#website\"},\"primaryImageOfPage\":{\"@id\":\"https:\\\/\\\/freiheitskalender.ch\\\/event\\\/dr-med-marco-caimi-jetzt-erst-recht-11-kabarett-tour-2026\\\/#primaryimage\"},\"image\":{\"@id\":\"https:\\\/\\\/freiheitskalender.ch\\\/event\\\/dr-med-marco-caimi-jetzt-erst-recht-11-kabarett-tour-2026\\\/#primaryimage\"},\"thumbnailUrl\":\"https:\\\/\\\/freiheitskalender.ch\\\/wp-content\\\/uploads\\\/2025\\\/10\\\/1.jpg\",\"datePublished\":\"2025-10-22T10:53:15+00:00\",\"breadcrumb\":{\"@id\":\"https:\\\/\\\/freiheitskalender.ch\\\/event\\\/dr-med-marco-caimi-jetzt-erst-recht-11-kabarett-tour-2026\\\/#breadcrumb\"},\"inLanguage\":\"fr-FR\",\"potentialAction\":[{\"@type\":\"ReadAction\",\"target\":[\"https:\\\/\\\/freiheitskalender.ch\\\/event\\\/dr-med-marco-caimi-jetzt-erst-recht-11-kabarett-tour-2026\\\/\"]}]},{\"@type\":\"ImageObject\",\"inLanguage\":\"fr-FR\",\"@id\":\"https:\\\/\\\/freiheitskalender.ch\\\/event\\\/dr-med-marco-caimi-jetzt-erst-recht-11-kabarett-tour-2026\\\/#primaryimage\",\"url\":\"https:\\\/\\\/freiheitskalender.ch\\\/wp-content\\\/uploads\\\/2025\\\/10\\\/1.jpg\",\"contentUrl\":\"https:\\\/\\\/freiheitskalender.ch\\\/wp-content\\\/uploads\\\/2025\\\/10\\\/1.jpg\",\"width\":1190,\"height\":1683},{\"@type\":\"BreadcrumbList\",\"@id\":\"https:\\\/\\\/freiheitskalender.ch\\\/event\\\/dr-med-marco-caimi-jetzt-erst-recht-11-kabarett-tour-2026\\\/#breadcrumb\",\"itemListElement\":[{\"@type\":\"ListItem\",\"position\":1,\"name\":\"Startseite\",\"item\":\"https:\\\/\\\/freiheitskalender.ch\\\/fr\\\/\"},{\"@type\":\"ListItem\",\"position\":2,\"name\":\"Dr. med. Marco Caimi &#8222;Jetzt erst recht&#8220; 11. Kabarett-Tour 2026\"}]},{\"@type\":\"WebSite\",\"@id\":\"https:\\\/\\\/freiheitskalender.ch\\\/#website\",\"url\":\"https:\\\/\\\/freiheitskalender.ch\\\/\",\"name\":\"Freiheitskalender\",\"description\":\"Termine aus der Community\",\"publisher\":{\"@id\":\"https:\\\/\\\/freiheitskalender.ch\\\/#organization\"},\"potentialAction\":[{\"@type\":\"SearchAction\",\"target\":{\"@type\":\"EntryPoint\",\"urlTemplate\":\"https:\\\/\\\/freiheitskalender.ch\\\/?s={search_term_string}\"},\"query-input\":{\"@type\":\"PropertyValueSpecification\",\"valueRequired\":true,\"valueName\":\"search_term_string\"}}],\"inLanguage\":\"fr-FR\"},{\"@type\":\"Organization\",\"@id\":\"https:\\\/\\\/freiheitskalender.ch\\\/#organization\",\"name\":\"Freiheitskalender\",\"url\":\"https:\\\/\\\/freiheitskalender.ch\\\/\",\"logo\":{\"@type\":\"ImageObject\",\"inLanguage\":\"fr-FR\",\"@id\":\"https:\\\/\\\/freiheitskalender.ch\\\/#\\\/schema\\\/logo\\\/image\\\/\",\"url\":\"https:\\\/\\\/freiheitskalender.ch\\\/wp-content\\\/uploads\\\/2025\\\/10\\\/Freiheitskalender-Logo-flach_Logo_NEW_21.10.2025_DE_100PX.png\",\"contentUrl\":\"https:\\\/\\\/freiheitskalender.ch\\\/wp-content\\\/uploads\\\/2025\\\/10\\\/Freiheitskalender-Logo-flach_Logo_NEW_21.10.2025_DE_100PX.png\",\"width\":1000,\"height\":340,\"caption\":\"Freiheitskalender\"},\"image\":{\"@id\":\"https:\\\/\\\/freiheitskalender.ch\\\/#\\\/schema\\\/logo\\\/image\\\/\"}}]}<\/script>\n<!-- \/ Yoast SEO plugin. -->","yoast_head_json":{"title":"Dr. med. Marco Caimi \"Jetzt erst recht\" 11. Kabarett-Tour 2026 - Freiheitskalender","robots":{"index":"index","follow":"follow","max-snippet":"max-snippet:-1","max-image-preview":"max-image-preview:large","max-video-preview":"max-video-preview:-1"},"canonical":"https:\/\/freiheitskalender.ch\/fr\/event\/dr-med-marco-caimi-jetzt-erst-recht-11-kabarett-tour-2026\/","og_locale":"fr_FR","og_type":"article","og_title":"Dr. med. Marco Caimi \"Jetzt erst recht\" 11. Kabarett-Tour 2026 - Freiheitskalender","og_description":"\u00abWas gibt es Sch\u00f6neres auf der Welt, als Alphornklang und Schweizergeld?\u00bb Unsere Demokratie und damit die Schweiz steht zur Verscherbelung stramm. Seelenlose Magistraten haben sich von ihr abgewandt und kriechen [&hellip;]","og_url":"https:\/\/freiheitskalender.ch\/fr\/event\/dr-med-marco-caimi-jetzt-erst-recht-11-kabarett-tour-2026\/","og_site_name":"Freiheitskalender","twitter_card":"summary_large_image","twitter_misc":{"Dur\u00e9e de lecture estim\u00e9e":"1 minute"},"schema":{"@context":"https:\/\/schema.org","@graph":[{"@type":"WebPage","@id":"https:\/\/freiheitskalender.ch\/event\/dr-med-marco-caimi-jetzt-erst-recht-11-kabarett-tour-2026\/","url":"https:\/\/freiheitskalender.ch\/event\/dr-med-marco-caimi-jetzt-erst-recht-11-kabarett-tour-2026\/","name":"Dr. med. Marco Caimi \"Jetzt erst recht\" 11. Kabarett-Tour 2026 - Freiheitskalender","isPartOf":{"@id":"https:\/\/freiheitskalender.ch\/#website"},"primaryImageOfPage":{"@id":"https:\/\/freiheitskalender.ch\/event\/dr-med-marco-caimi-jetzt-erst-recht-11-kabarett-tour-2026\/#primaryimage"},"image":{"@id":"https:\/\/freiheitskalender.ch\/event\/dr-med-marco-caimi-jetzt-erst-recht-11-kabarett-tour-2026\/#primaryimage"},"thumbnailUrl":"https:\/\/freiheitskalender.ch\/wp-content\/uploads\/2025\/10\/1.jpg","datePublished":"2025-10-22T10:53:15+00:00","breadcrumb":{"@id":"https:\/\/freiheitskalender.ch\/event\/dr-med-marco-caimi-jetzt-erst-recht-11-kabarett-tour-2026\/#breadcrumb"},"inLanguage":"fr-FR","potentialAction":[{"@type":"ReadAction","target":["https:\/\/freiheitskalender.ch\/event\/dr-med-marco-caimi-jetzt-erst-recht-11-kabarett-tour-2026\/"]}]},{"@type":"ImageObject","inLanguage":"fr-FR","@id":"https:\/\/freiheitskalender.ch\/event\/dr-med-marco-caimi-jetzt-erst-recht-11-kabarett-tour-2026\/#primaryimage","url":"https:\/\/freiheitskalender.ch\/wp-content\/uploads\/2025\/10\/1.jpg","contentUrl":"https:\/\/freiheitskalender.ch\/wp-content\/uploads\/2025\/10\/1.jpg","width":1190,"height":1683},{"@type":"BreadcrumbList","@id":"https:\/\/freiheitskalender.ch\/event\/dr-med-marco-caimi-jetzt-erst-recht-11-kabarett-tour-2026\/#breadcrumb","itemListElement":[{"@type":"ListItem","position":1,"name":"Startseite","item":"https:\/\/freiheitskalender.ch\/fr\/"},{"@type":"ListItem","position":2,"name":"Dr. med. Marco Caimi &#8222;Jetzt erst recht&#8220; 11. Kabarett-Tour 2026"}]},{"@type":"WebSite","@id":"https:\/\/freiheitskalender.ch\/#website","url":"https:\/\/freiheitskalender.ch\/","name":"Calendrier de la Libert\u00e9","description":"Termine aus der Community","publisher":{"@id":"https:\/\/freiheitskalender.ch\/#organization"},"potentialAction":[{"@type":"SearchAction","target":{"@type":"EntryPoint","urlTemplate":"https:\/\/freiheitskalender.ch\/?s={search_term_string}"},"query-input":{"@type":"PropertyValueSpecification","valueRequired":true,"valueName":"search_term_string"}}],"inLanguage":"fr-FR"},{"@type":"Organization","@id":"https:\/\/freiheitskalender.ch\/#organization","name":"Calendrier de la Libert\u00e9","url":"https:\/\/freiheitskalender.ch\/","logo":{"@type":"ImageObject","inLanguage":"fr-FR","@id":"https:\/\/freiheitskalender.ch\/#\/schema\/logo\/image\/","url":"https:\/\/freiheitskalender.ch\/wp-content\/uploads\/2025\/10\/Freiheitskalender-Logo-flach_Logo_NEW_21.10.2025_DE_100PX.png","contentUrl":"https:\/\/freiheitskalender.ch\/wp-content\/uploads\/2025\/10\/Freiheitskalender-Logo-flach_Logo_NEW_21.10.2025_DE_100PX.png","width":1000,"height":340,"caption":"Freiheitskalender"},"image":{"@id":"https:\/\/freiheitskalender.ch\/#\/schema\/logo\/image\/"}}]}},"ticketed":false,"_links":{"self":[{"href":"https:\/\/freiheitskalender.ch\/fr\/wp-json\/wp\/v2\/tribe_events\/2335","targetHints":{"allow":["GET"]}}],"collection":[{"href":"https:\/\/freiheitskalender.ch\/fr\/wp-json\/wp\/v2\/tribe_events"}],"about":[{"href":"https:\/\/freiheitskalender.ch\/fr\/wp-json\/wp\/v2\/types\/tribe_events"}],"author":[{"embeddable":true,"href":"https:\/\/freiheitskalender.ch\/fr\/wp-json\/wp\/v2\/users\/8"}],"version-history":[{"count":1,"href":"https:\/\/freiheitskalender.ch\/fr\/wp-json\/wp\/v2\/tribe_events\/2335\/revisions"}],"predecessor-version":[{"id":2337,"href":"https:\/\/freiheitskalender.ch\/fr\/wp-json\/wp\/v2\/tribe_events\/2335\/revisions\/2337"}],"wp:featuredmedia":[{"embeddable":true,"href":"https:\/\/freiheitskalender.ch\/fr\/wp-json\/wp\/v2\/media\/2338"}],"wp:attachment":[{"href":"https:\/\/freiheitskalender.ch\/fr\/wp-json\/wp\/v2\/media?parent=2335"}],"wp:term":[{"taxonomy":"post_tag","embeddable":true,"href":"https:\/\/freiheitskalender.ch\/fr\/wp-json\/wp\/v2\/tags?post=2335"},{"taxonomy":"tribe_events_cat","embeddable":true,"href":"https:\/\/freiheitskalender.ch\/fr\/wp-json\/wp\/v2\/tribe_events_cat?post=2335"}],"curies":[{"name":"wp","href":"https:\/\/api.w.org\/{rel}","templated":true}]}}

<p>«Was gibt es Schöneres auf der Welt, als Alphornklang und Schweizergeld?»<br />
Unsere Demokratie und damit die Schweiz steht zur Verscherbelung stramm.<br />
Seelenlose Magistraten haben sich von ihr abgewandt und kriechen Ratten<br />
fängern aus Brüssel in den Allerwertesten. Durch gefährliche Bündnisse mit<br />
Kriegstreibern gefährden sie nicht nur unseren Wohlstand, sondern unsere<br />
Existenz. Asterix, der kleine gallische Freiheitskämpfer, ein Tell, Winkelried<br />
und Dunant in einem, würde in diesen Zeiten erst recht sagen:<br />
«Sie spinnen, die Helvetier!»<br />
Ein Abend aus der Schweiz, in der Schweiz und für die Schweiz<br />
schauen wir gut zu ihr!</p>

<p>«Was gibt es Schöneres auf der Welt, als Alphornklang und Schweizergeld?» Unsere Demokratie und damit die Schweiz steht zur Verscherbelung stramm. Seelenlose Magistraten haben sich von ihr abgewandt und kriechen [&hellip;]</p>

<!-- This site is optimized with the Yoast SEO plugin v27.4 - https://yoast.com/product/yoast-seo-wordpress/ -->
<title>Dr. med. Marco Caimi &quot;Jetzt erst recht&quot; 11. Kabarett-Tour 2026 - Freiheitskalender</title>
<meta name="robots" content="index, follow, max-snippet:-1, max-image-preview:large, max-video-preview:-1" />
<link rel="canonical" href="https://freiheitskalender.ch/fr/event/dr-med-marco-caimi-jetzt-erst-recht-11-kabarett-tour-2026/" />
<meta property="og:locale" content="fr_FR" />
<meta property="og:type" content="article" />
<meta property="og:title" content="Dr. med. Marco Caimi &quot;Jetzt erst recht&quot; 11. Kabarett-Tour 2026 - Freiheitskalender" />
<meta property="og:description" content="«Was gibt es Schöneres auf der Welt, als Alphornklang und Schweizergeld?» Unsere Demokratie und damit die Schweiz steht zur Verscherbelung stramm. Seelenlose Magistraten haben sich von ihr abgewandt und kriechen [&hellip;]" />
<meta property="og:url" content="https://freiheitskalender.ch/fr/event/dr-med-marco-caimi-jetzt-erst-recht-11-kabarett-tour-2026/" />
<meta property="og:site_name" content="Freiheitskalender" />
<meta name="twitter:card" content="summary_large_image" />
<meta name="twitter:label1" content="Durée de lecture estimée" />
	<meta name="twitter:data1" content="1 minute" />
<script type="application/ld+json" class="yoast-schema-graph">{"@context":"https:\/\/schema.org","@graph":[{"@type":"WebPage","@id":"https:\/\/freiheitskalender.ch\/event\/dr-med-marco-caimi-jetzt-erst-recht-11-kabarett-tour-2026\/","url":"https:\/\/freiheitskalender.ch\/event\/dr-med-marco-caimi-jetzt-erst-recht-11-kabarett-tour-2026\/","name":"Dr. med. Marco Caimi \"Jetzt erst recht\" 11. Kabarett-Tour 2026 - Freiheitskalender","isPartOf":{"@id":"https:\/\/freiheitskalender.ch\/#website"},"primaryImageOfPage":{"@id":"https:\/\/freiheitskalender.ch\/event\/dr-med-marco-caimi-jetzt-erst-recht-11-kabarett-tour-2026\/#primaryimage"},"image":{"@id":"https:\/\/freiheitskalender.ch\/event\/dr-med-marco-caimi-jetzt-erst-recht-11-kabarett-tour-2026\/#primaryimage"},"thumbnailUrl":"https:\/\/freiheitskalender.ch\/wp-content\/uploads\/2025\/10\/1.jpg","datePublished":"2025-10-22T10:53:15+00:00","breadcrumb":{"@id":"https:\/\/freiheitskalender.ch\/event\/dr-med-marco-caimi-jetzt-erst-recht-11-kabarett-tour-2026\/#breadcrumb"},"inLanguage":"fr-FR","potentialAction":[{"@type":"ReadAction","target":["https:\/\/freiheitskalender.ch\/event\/dr-med-marco-caimi-jetzt-erst-recht-11-kabarett-tour-2026\/"]}]},{"@type":"ImageObject","inLanguage":"fr-FR","@id":"https:\/\/freiheitskalender.ch\/event\/dr-med-marco-caimi-jetzt-erst-recht-11-kabarett-tour-2026\/#primaryimage","url":"https:\/\/freiheitskalender.ch\/wp-content\/uploads\/2025\/10\/1.jpg","contentUrl":"https:\/\/freiheitskalender.ch\/wp-content\/uploads\/2025\/10\/1.jpg","width":1190,"height":1683},{"@type":"BreadcrumbList","@id":"https:\/\/freiheitskalender.ch\/event\/dr-med-marco-caimi-jetzt-erst-recht-11-kabarett-tour-2026\/#breadcrumb","itemListElement":[{"@type":"ListItem","position":1,"name":"Startseite","item":"https:\/\/freiheitskalender.ch\/fr\/"},{"@type":"ListItem","position":2,"name":"Dr. med. Marco Caimi &#8222;Jetzt erst recht&#8220; 11. Kabarett-Tour 2026"}]},{"@type":"WebSite","@id":"https:\/\/freiheitskalender.ch\/#website","url":"https:\/\/freiheitskalender.ch\/","name":"Freiheitskalender","description":"Termine aus der Community","publisher":{"@id":"https:\/\/freiheitskalender.ch\/#organization"},"potentialAction":[{"@type":"SearchAction","target":{"@type":"EntryPoint","urlTemplate":"https:\/\/freiheitskalender.ch\/?s={search_term_string}"},"query-input":{"@type":"PropertyValueSpecification","valueRequired":true,"valueName":"search_term_string"}}],"inLanguage":"fr-FR"},{"@type":"Organization","@id":"https:\/\/freiheitskalender.ch\/#organization","name":"Freiheitskalender","url":"https:\/\/freiheitskalender.ch\/","logo":{"@type":"ImageObject","inLanguage":"fr-FR","@id":"https:\/\/freiheitskalender.ch\/#\/schema\/logo\/image\/","url":"https:\/\/freiheitskalender.ch\/wp-content\/uploads\/2025\/10\/Freiheitskalender-Logo-flach_Logo_NEW_21.10.2025_DE_100PX.png","contentUrl":"https:\/\/freiheitskalender.ch\/wp-content\/uploads\/2025\/10\/Freiheitskalender-Logo-flach_Logo_NEW_21.10.2025_DE_100PX.png","width":1000,"height":340,"caption":"Freiheitskalender"},"image":{"@id":"https:\/\/freiheitskalender.ch\/#\/schema\/logo\/image\/"}}]}</script>
<!-- / Yoast SEO plugin. -->

«Was gibt es Schöneres auf der Welt, als Alphornklang und Schweizergeld?» Unsere Demokratie und damit die Schweiz steht zur Verscherbelung stramm. Seelenlose Magistraten haben sich von ihr abgewandt und kriechen [&hellip;]

Calendrier de la Liberté
