{"id":1788,"date":"2025-07-10T14:30:23","date_gmt":"2025-07-10T12:30:23","guid":{"rendered":"https:\/\/freiheitskalender.ch\/?post_type=tribe_events&#038;p=1788"},"modified":"2025-07-10T14:30:23","modified_gmt":"2025-07-10T12:30:23","slug":"urig-jassen","status":"publish","type":"tribe_events","link":"https:\/\/freiheitskalender.ch\/fr\/event\/urig-jassen\/2025-07-18\/","title":{"rendered":"URIG-Jassen"},"content":{"rendered":"<h3>URIG-Jassen<br \/>\nAlle, die Lust und Freude haben<br \/>\nJeden dritten Freitagnachmittag im Monat ab 14:30 Uhr<\/h3>\n<p>Keine Anmeldung n\u00f6tig, einfach vorbeikommen. Am Abend ist Stammtisch und wer Lust hat, kann auch l\u00e4nger bleiben, noch etwas essen und l\u00e4nger in der gem\u00fctlichen Stube bleiben und weiterspielen. Wir freuen uns auf die sch\u00f6ne Gemeinschaft. Herzlich willkommen<\/p>\n<p><em>Keine Anmeldung erforderlich<\/em><\/p>","protected":false},"excerpt":{"rendered":"<p>URIG-Jassen Alle, die Lust und Freude haben Jeden dritten Freitagnachmittag im Monat ab 14:30 Uhr Keine Anmeldung n\u00f6tig, einfach vorbeikommen. Am Abend ist Stammtisch und wer Lust hat, kann auch [&hellip;]<\/p>\n","protected":false},"author":7,"featured_media":1796,"template":"","meta":{"_price":"","_stock":"","_tribe_ticket_header":"","_tribe_default_ticket_provider":"","_tribe_ticket_capacity":"0","_ticket_start_date":"","_ticket_end_date":"","_tribe_ticket_show_description":"","_tribe_ticket_show_not_going":false,"_tribe_ticket_use_global_stock":"","_tribe_ticket_global_stock_level":"","_global_stock_mode":"","_global_stock_cap":"","_tribe_rsvp_for_event":"","_tribe_ticket_going_count":"","_tribe_ticket_not_going_count":"","_tribe_tickets_list":"[]","_tribe_ticket_has_attendee_info_fields":false,"_tribe_events_status":"","_tribe_events_status_reason":"","_tribe_events_is_hybrid":"","_tribe_events_is_virtual":"","_tribe_events_virtual_video_source":"","_tribe_events_virtual_embed_video":"","_tribe_events_virtual_linked_button_text":"","_tribe_events_virtual_linked_button":"","_tribe_events_virtual_show_embed_at":"","_tribe_events_virtual_show_embed_to":[],"_tribe_events_virtual_show_on_event":"","_tribe_events_virtual_show_on_views":"","_tribe_events_virtual_url":"","footnotes":"","_tec_slr_enabled":"","_tec_slr_layout":""},"tags":[96,94],"tribe_events_cat":[],"class_list":["post-1788","tribe_events","type-tribe_events","status-publish","has-post-thumbnail","hentry","tag-jassen","tag-urig-ortsgruppe-hirzel","tribe-recurring-event","tribe-recurring-event-parent"],"blocksy_meta":[],"yoast_head":"<!-- This site is optimized with the Yoast SEO plugin v27.5 - https:\/\/yoast.com\/product\/yoast-seo-wordpress\/ -->\n<title>URIG-Jassen - Freiheitskalender<\/title>\n<meta name=\"robots\" content=\"index, follow, max-snippet:-1, max-image-preview:large, max-video-preview:-1\" \/>\n<link rel=\"canonical\" href=\"https:\/\/freiheitskalender.ch\/fr\/event\/urig-jassen\/2025-07-18\/\" \/>\n<meta property=\"og:locale\" content=\"fr_FR\" \/>\n<meta property=\"og:type\" content=\"article\" \/>\n<meta property=\"og:title\" content=\"URIG-Jassen - Freiheitskalender\" \/>\n<meta property=\"og:description\" content=\"URIG-Jassen Alle, die Lust und Freude haben Jeden dritten Freitagnachmittag im Monat ab 14:30 Uhr Keine Anmeldung n\u00f6tig, einfach vorbeikommen. Am Abend ist Stammtisch und wer Lust hat, kann auch [&hellip;]\" \/>\n<meta property=\"og:url\" content=\"https:\/\/freiheitskalender.ch\/fr\/event\/urig-jassen\/2025-07-18\/\" \/>\n<meta property=\"og:site_name\" content=\"Freiheitskalender\" \/>\n<meta property=\"og:image\" content=\"https:\/\/freiheitskalender.ch\/wp-content\/uploads\/2025\/07\/jassenimelda3fr.jpg\" \/>\n\t<meta property=\"og:image:width\" content=\"905\" \/>\n\t<meta property=\"og:image:height\" content=\"1280\" \/>\n\t<meta property=\"og:image:type\" content=\"image\/jpeg\" \/>\n<meta name=\"twitter:card\" content=\"summary_large_image\" \/>\n<script type=\"application\/ld+json\" class=\"yoast-schema-graph\">{\"@context\":\"https:\\\/\\\/schema.org\",\"@graph\":[{\"@type\":\"WebPage\",\"@id\":\"https:\\\/\\\/freiheitskalender.ch\\\/event\\\/urig-jassen\\\/2025-07-18\\\/\",\"url\":\"https:\\\/\\\/freiheitskalender.ch\\\/event\\\/urig-jassen\\\/2025-07-18\\\/\",\"name\":\"URIG-Jassen - Freiheitskalender\",\"isPartOf\":{\"@id\":\"https:\\\/\\\/freiheitskalender.ch\\\/#website\"},\"primaryImageOfPage\":{\"@id\":\"https:\\\/\\\/freiheitskalender.ch\\\/event\\\/urig-jassen\\\/2025-07-18\\\/#primaryimage\"},\"image\":{\"@id\":\"https:\\\/\\\/freiheitskalender.ch\\\/event\\\/urig-jassen\\\/2025-07-18\\\/#primaryimage\"},\"thumbnailUrl\":\"https:\\\/\\\/freiheitskalender.ch\\\/wp-content\\\/uploads\\\/2025\\\/07\\\/jassenimelda3fr.jpg\",\"datePublished\":\"2025-07-10T12:30:23+00:00\",\"breadcrumb\":{\"@id\":\"https:\\\/\\\/freiheitskalender.ch\\\/event\\\/urig-jassen\\\/2025-07-18\\\/#breadcrumb\"},\"inLanguage\":\"fr-FR\",\"potentialAction\":[{\"@type\":\"ReadAction\",\"target\":[\"https:\\\/\\\/freiheitskalender.ch\\\/event\\\/urig-jassen\\\/2025-07-18\\\/\"]}]},{\"@type\":\"ImageObject\",\"inLanguage\":\"fr-FR\",\"@id\":\"https:\\\/\\\/freiheitskalender.ch\\\/event\\\/urig-jassen\\\/2025-07-18\\\/#primaryimage\",\"url\":\"https:\\\/\\\/freiheitskalender.ch\\\/wp-content\\\/uploads\\\/2025\\\/07\\\/jassenimelda3fr.jpg\",\"contentUrl\":\"https:\\\/\\\/freiheitskalender.ch\\\/wp-content\\\/uploads\\\/2025\\\/07\\\/jassenimelda3fr.jpg\",\"width\":905,\"height\":1280},{\"@type\":\"BreadcrumbList\",\"@id\":\"https:\\\/\\\/freiheitskalender.ch\\\/event\\\/urig-jassen\\\/2025-07-18\\\/#breadcrumb\",\"itemListElement\":[{\"@type\":\"ListItem\",\"position\":1,\"name\":\"Startseite\",\"item\":\"https:\\\/\\\/freiheitskalender.ch\\\/fr\\\/\"},{\"@type\":\"ListItem\",\"position\":2,\"name\":\"URIG-Jassen\"}]},{\"@type\":\"WebSite\",\"@id\":\"https:\\\/\\\/freiheitskalender.ch\\\/#website\",\"url\":\"https:\\\/\\\/freiheitskalender.ch\\\/\",\"name\":\"Freiheitskalender\",\"description\":\"Termine aus der Community\",\"publisher\":{\"@id\":\"https:\\\/\\\/freiheitskalender.ch\\\/#organization\"},\"potentialAction\":[{\"@type\":\"SearchAction\",\"target\":{\"@type\":\"EntryPoint\",\"urlTemplate\":\"https:\\\/\\\/freiheitskalender.ch\\\/?s={search_term_string}\"},\"query-input\":{\"@type\":\"PropertyValueSpecification\",\"valueRequired\":true,\"valueName\":\"search_term_string\"}}],\"inLanguage\":\"fr-FR\"},{\"@type\":\"Organization\",\"@id\":\"https:\\\/\\\/freiheitskalender.ch\\\/#organization\",\"name\":\"Freiheitskalender\",\"url\":\"https:\\\/\\\/freiheitskalender.ch\\\/\",\"logo\":{\"@type\":\"ImageObject\",\"inLanguage\":\"fr-FR\",\"@id\":\"https:\\\/\\\/freiheitskalender.ch\\\/#\\\/schema\\\/logo\\\/image\\\/\",\"url\":\"https:\\\/\\\/freiheitskalender.ch\\\/wp-content\\\/uploads\\\/2025\\\/10\\\/Freiheitskalender-Logo-flach_Logo_NEW_21.10.2025_DE_100PX.png\",\"contentUrl\":\"https:\\\/\\\/freiheitskalender.ch\\\/wp-content\\\/uploads\\\/2025\\\/10\\\/Freiheitskalender-Logo-flach_Logo_NEW_21.10.2025_DE_100PX.png\",\"width\":1000,\"height\":340,\"caption\":\"Freiheitskalender\"},\"image\":{\"@id\":\"https:\\\/\\\/freiheitskalender.ch\\\/#\\\/schema\\\/logo\\\/image\\\/\"}}]}<\/script>\n<!-- \/ Yoast SEO plugin. -->","yoast_head_json":{"title":"URIG-Jassen - Freiheitskalender","robots":{"index":"index","follow":"follow","max-snippet":"max-snippet:-1","max-image-preview":"max-image-preview:large","max-video-preview":"max-video-preview:-1"},"canonical":"https:\/\/freiheitskalender.ch\/fr\/event\/urig-jassen\/2025-07-18\/","og_locale":"fr_FR","og_type":"article","og_title":"URIG-Jassen - Freiheitskalender","og_description":"URIG-Jassen Alle, die Lust und Freude haben Jeden dritten Freitagnachmittag im Monat ab 14:30 Uhr Keine Anmeldung n\u00f6tig, einfach vorbeikommen. Am Abend ist Stammtisch und wer Lust hat, kann auch [&hellip;]","og_url":"https:\/\/freiheitskalender.ch\/fr\/event\/urig-jassen\/2025-07-18\/","og_site_name":"Freiheitskalender","og_image":[{"width":905,"height":1280,"url":"https:\/\/freiheitskalender.ch\/wp-content\/uploads\/2025\/07\/jassenimelda3fr.jpg","type":"image\/jpeg"}],"twitter_card":"summary_large_image","schema":{"@context":"https:\/\/schema.org","@graph":[{"@type":"WebPage","@id":"https:\/\/freiheitskalender.ch\/event\/urig-jassen\/2025-07-18\/","url":"https:\/\/freiheitskalender.ch\/event\/urig-jassen\/2025-07-18\/","name":"URIG-Jassen - Freiheitskalender","isPartOf":{"@id":"https:\/\/freiheitskalender.ch\/#website"},"primaryImageOfPage":{"@id":"https:\/\/freiheitskalender.ch\/event\/urig-jassen\/2025-07-18\/#primaryimage"},"image":{"@id":"https:\/\/freiheitskalender.ch\/event\/urig-jassen\/2025-07-18\/#primaryimage"},"thumbnailUrl":"https:\/\/freiheitskalender.ch\/wp-content\/uploads\/2025\/07\/jassenimelda3fr.jpg","datePublished":"2025-07-10T12:30:23+00:00","breadcrumb":{"@id":"https:\/\/freiheitskalender.ch\/event\/urig-jassen\/2025-07-18\/#breadcrumb"},"inLanguage":"fr-FR","potentialAction":[{"@type":"ReadAction","target":["https:\/\/freiheitskalender.ch\/event\/urig-jassen\/2025-07-18\/"]}]},{"@type":"ImageObject","inLanguage":"fr-FR","@id":"https:\/\/freiheitskalender.ch\/event\/urig-jassen\/2025-07-18\/#primaryimage","url":"https:\/\/freiheitskalender.ch\/wp-content\/uploads\/2025\/07\/jassenimelda3fr.jpg","contentUrl":"https:\/\/freiheitskalender.ch\/wp-content\/uploads\/2025\/07\/jassenimelda3fr.jpg","width":905,"height":1280},{"@type":"BreadcrumbList","@id":"https:\/\/freiheitskalender.ch\/event\/urig-jassen\/2025-07-18\/#breadcrumb","itemListElement":[{"@type":"ListItem","position":1,"name":"Startseite","item":"https:\/\/freiheitskalender.ch\/fr\/"},{"@type":"ListItem","position":2,"name":"URIG-Jassen"}]},{"@type":"WebSite","@id":"https:\/\/freiheitskalender.ch\/#website","url":"https:\/\/freiheitskalender.ch\/","name":"Calendrier de la Libert\u00e9","description":"Termine aus der Community","publisher":{"@id":"https:\/\/freiheitskalender.ch\/#organization"},"potentialAction":[{"@type":"SearchAction","target":{"@type":"EntryPoint","urlTemplate":"https:\/\/freiheitskalender.ch\/?s={search_term_string}"},"query-input":{"@type":"PropertyValueSpecification","valueRequired":true,"valueName":"search_term_string"}}],"inLanguage":"fr-FR"},{"@type":"Organization","@id":"https:\/\/freiheitskalender.ch\/#organization","name":"Calendrier de la Libert\u00e9","url":"https:\/\/freiheitskalender.ch\/","logo":{"@type":"ImageObject","inLanguage":"fr-FR","@id":"https:\/\/freiheitskalender.ch\/#\/schema\/logo\/image\/","url":"https:\/\/freiheitskalender.ch\/wp-content\/uploads\/2025\/10\/Freiheitskalender-Logo-flach_Logo_NEW_21.10.2025_DE_100PX.png","contentUrl":"https:\/\/freiheitskalender.ch\/wp-content\/uploads\/2025\/10\/Freiheitskalender-Logo-flach_Logo_NEW_21.10.2025_DE_100PX.png","width":1000,"height":340,"caption":"Freiheitskalender"},"image":{"@id":"https:\/\/freiheitskalender.ch\/#\/schema\/logo\/image\/"}}]}},"jetpack_sharing_enabled":true,"ticketed":false,"_links":{"self":[{"href":"https:\/\/freiheitskalender.ch\/fr\/wp-json\/wp\/v2\/tribe_events\/1788","targetHints":{"allow":["GET"]}}],"collection":[{"href":"https:\/\/freiheitskalender.ch\/fr\/wp-json\/wp\/v2\/tribe_events"}],"about":[{"href":"https:\/\/freiheitskalender.ch\/fr\/wp-json\/wp\/v2\/types\/tribe_events"}],"author":[{"embeddable":true,"href":"https:\/\/freiheitskalender.ch\/fr\/wp-json\/wp\/v2\/users\/7"}],"version-history":[{"count":1,"href":"https:\/\/freiheitskalender.ch\/fr\/wp-json\/wp\/v2\/tribe_events\/1788\/revisions"}],"predecessor-version":[{"id":1790,"href":"https:\/\/freiheitskalender.ch\/fr\/wp-json\/wp\/v2\/tribe_events\/1788\/revisions\/1790"}],"wp:featuredmedia":[{"embeddable":true,"href":"https:\/\/freiheitskalender.ch\/fr\/wp-json\/wp\/v2\/media\/1796"}],"wp:attachment":[{"href":"https:\/\/freiheitskalender.ch\/fr\/wp-json\/wp\/v2\/media?parent=1788"}],"wp:term":[{"taxonomy":"post_tag","embeddable":true,"href":"https:\/\/freiheitskalender.ch\/fr\/wp-json\/wp\/v2\/tags?post=1788"},{"taxonomy":"tribe_events_cat","embeddable":true,"href":"https:\/\/freiheitskalender.ch\/fr\/wp-json\/wp\/v2\/tribe_events_cat?post=1788"}],"curies":[{"name":"wp","href":"https:\/\/api.w.org\/{rel}","templated":true}]}}

<h3>URIG-Jassen<br />
Alle, die Lust und Freude haben<br />
Jeden dritten Freitagnachmittag im Monat ab 14:30 Uhr</h3>
<p>Keine Anmeldung nötig, einfach vorbeikommen. Am Abend ist Stammtisch und wer Lust hat, kann auch länger bleiben, noch etwas essen und länger in der gemütlichen Stube bleiben und weiterspielen. Wir freuen uns auf die schöne Gemeinschaft. Herzlich willkommen</p>
<p><em>Keine Anmeldung erforderlich</em></p>

<p>URIG-Jassen Alle, die Lust und Freude haben Jeden dritten Freitagnachmittag im Monat ab 14:30 Uhr Keine Anmeldung nötig, einfach vorbeikommen. Am Abend ist Stammtisch und wer Lust hat, kann auch [&hellip;]</p>

<!-- This site is optimized with the Yoast SEO plugin v27.5 - https://yoast.com/product/yoast-seo-wordpress/ -->
<title>URIG-Jassen - Freiheitskalender</title>
<meta name="robots" content="index, follow, max-snippet:-1, max-image-preview:large, max-video-preview:-1" />
<link rel="canonical" href="https://freiheitskalender.ch/fr/event/urig-jassen/2025-07-18/" />
<meta property="og:locale" content="fr_FR" />
<meta property="og:type" content="article" />
<meta property="og:title" content="URIG-Jassen - Freiheitskalender" />
<meta property="og:description" content="URIG-Jassen Alle, die Lust und Freude haben Jeden dritten Freitagnachmittag im Monat ab 14:30 Uhr Keine Anmeldung nötig, einfach vorbeikommen. Am Abend ist Stammtisch und wer Lust hat, kann auch [&hellip;]" />
<meta property="og:url" content="https://freiheitskalender.ch/fr/event/urig-jassen/2025-07-18/" />
<meta property="og:site_name" content="Freiheitskalender" />
<meta property="og:image" content="https://freiheitskalender.ch/wp-content/uploads/2025/07/jassenimelda3fr.jpg" />
	<meta property="og:image:width" content="905" />
	<meta property="og:image:height" content="1280" />
	<meta property="og:image:type" content="image/jpeg" />
<meta name="twitter:card" content="summary_large_image" />
<script type="application/ld+json" class="yoast-schema-graph">{"@context":"https:\/\/schema.org","@graph":[{"@type":"WebPage","@id":"https:\/\/freiheitskalender.ch\/event\/urig-jassen\/2025-07-18\/","url":"https:\/\/freiheitskalender.ch\/event\/urig-jassen\/2025-07-18\/","name":"URIG-Jassen - Freiheitskalender","isPartOf":{"@id":"https:\/\/freiheitskalender.ch\/#website"},"primaryImageOfPage":{"@id":"https:\/\/freiheitskalender.ch\/event\/urig-jassen\/2025-07-18\/#primaryimage"},"image":{"@id":"https:\/\/freiheitskalender.ch\/event\/urig-jassen\/2025-07-18\/#primaryimage"},"thumbnailUrl":"https:\/\/freiheitskalender.ch\/wp-content\/uploads\/2025\/07\/jassenimelda3fr.jpg","datePublished":"2025-07-10T12:30:23+00:00","breadcrumb":{"@id":"https:\/\/freiheitskalender.ch\/event\/urig-jassen\/2025-07-18\/#breadcrumb"},"inLanguage":"fr-FR","potentialAction":[{"@type":"ReadAction","target":["https:\/\/freiheitskalender.ch\/event\/urig-jassen\/2025-07-18\/"]}]},{"@type":"ImageObject","inLanguage":"fr-FR","@id":"https:\/\/freiheitskalender.ch\/event\/urig-jassen\/2025-07-18\/#primaryimage","url":"https:\/\/freiheitskalender.ch\/wp-content\/uploads\/2025\/07\/jassenimelda3fr.jpg","contentUrl":"https:\/\/freiheitskalender.ch\/wp-content\/uploads\/2025\/07\/jassenimelda3fr.jpg","width":905,"height":1280},{"@type":"BreadcrumbList","@id":"https:\/\/freiheitskalender.ch\/event\/urig-jassen\/2025-07-18\/#breadcrumb","itemListElement":[{"@type":"ListItem","position":1,"name":"Startseite","item":"https:\/\/freiheitskalender.ch\/fr\/"},{"@type":"ListItem","position":2,"name":"URIG-Jassen"}]},{"@type":"WebSite","@id":"https:\/\/freiheitskalender.ch\/#website","url":"https:\/\/freiheitskalender.ch\/","name":"Freiheitskalender","description":"Termine aus der Community","publisher":{"@id":"https:\/\/freiheitskalender.ch\/#organization"},"potentialAction":[{"@type":"SearchAction","target":{"@type":"EntryPoint","urlTemplate":"https:\/\/freiheitskalender.ch\/?s={search_term_string}"},"query-input":{"@type":"PropertyValueSpecification","valueRequired":true,"valueName":"search_term_string"}}],"inLanguage":"fr-FR"},{"@type":"Organization","@id":"https:\/\/freiheitskalender.ch\/#organization","name":"Freiheitskalender","url":"https:\/\/freiheitskalender.ch\/","logo":{"@type":"ImageObject","inLanguage":"fr-FR","@id":"https:\/\/freiheitskalender.ch\/#\/schema\/logo\/image\/","url":"https:\/\/freiheitskalender.ch\/wp-content\/uploads\/2025\/10\/Freiheitskalender-Logo-flach_Logo_NEW_21.10.2025_DE_100PX.png","contentUrl":"https:\/\/freiheitskalender.ch\/wp-content\/uploads\/2025\/10\/Freiheitskalender-Logo-flach_Logo_NEW_21.10.2025_DE_100PX.png","width":1000,"height":340,"caption":"Freiheitskalender"},"image":{"@id":"https:\/\/freiheitskalender.ch\/#\/schema\/logo\/image\/"}}]}</script>
<!-- / Yoast SEO plugin. -->

URIG-Jassen Alle, die Lust und Freude haben Jeden dritten Freitagnachmittag im Monat ab 14:30 Uhr Keine Anmeldung nötig, einfach vorbeikommen. Am Abend ist Stammtisch und wer Lust hat, kann auch [&hellip;]

Calendrier de la Liberté
